CRAN Package Check Results for Package linguisticsdown

Last updated on 2024-07-22 03:49:20 CEST.

Flavor Version Tinstall Tcheck Ttotal Status Flags
r-devel-linux-x86_64-debian-clang 1.2.0 4.44 43.56 48.00 NOTE
r-devel-linux-x86_64-debian-gcc 1.2.0 3.76 33.21 36.97 NOTE
r-devel-linux-x86_64-fedora-clang 1.2.0 62.56 NOTE
r-devel-linux-x86_64-fedora-gcc 1.2.0 57.30 NOTE
r-devel-windows-x86_64 1.2.0 6.00 53.00 59.00 NOTE
r-patched-linux-x86_64 1.2.0 4.28 41.39 45.67 NOTE
r-release-linux-x86_64 1.2.0 5.22 41.12 46.34 NOTE
r-release-macos-arm64 1.2.0 22.00 NOTE
r-release-macos-x86_64 1.2.0 33.00 NOTE
r-release-windows-x86_64 1.2.0 7.00 53.00 60.00 NOTE
r-oldrel-macos-arm64 1.2.0 24.00 NOTE
r-oldrel-macos-x86_64 1.2.0 32.00 NOTE
r-oldrel-windows-x86_64 1.2.0 6.00 60.00 66.00 NOTE

Check Details

Version: 1.2.0
Check: LazyData
Result: NOTE 'LazyData' is specified without a 'data' directory Flavors: r-devel-linux-x86_64-debian-clang, r-devel-linux-x86_64-debian-gcc, r-devel-linux-x86_64-fedora-clang, r-devel-linux-x86_64-fedora-gcc, r-devel-windows-x86_64, r-patched-linux-x86_64, r-release-linux-x86_64, r-release-macos-arm64, r-release-macos-x86_64, r-release-windows-x86_64, r-oldrel-macos-arm64, r-oldrel-macos-x86_64, r-oldrel-windows-x86_64