Last updated on 2022-05-18 15:49:06 CEST.
Flavor | Version | Tinstall | Tcheck | Ttotal | Status | Flags |
---|---|---|---|---|---|---|
r-devel-linux-x86_64-debian-clang | 2.1.0 | 60.14 | 433.77 | 493.91 | OK | |
r-devel-linux-x86_64-debian-gcc | 2.1.0 | 49.57 | 319.97 | 369.54 | OK | |
r-devel-linux-x86_64-fedora-clang | 2.1.0 | 612.99 | NOTE | |||
r-devel-linux-x86_64-fedora-gcc | 2.1.0 | 598.34 | OK | |||
r-devel-windows-x86_64 | 2.1.0 | 56.00 | 388.00 | 444.00 | OK | |
r-patched-linux-x86_64 | 2.1.0 | 57.68 | 405.68 | 463.36 | OK | |
r-release-linux-x86_64 | 2.1.0 | 57.77 | 411.49 | 469.26 | OK | |
r-release-macos-arm64 | 2.1.0 | 141.00 | OK | |||
r-release-macos-x86_64 | 2.1.0 | 281.00 | OK | |||
r-release-windows-x86_64 | 2.1.0 | 60.00 | 402.00 | 462.00 | OK | |
r-oldrel-macos-arm64 | 2.1.0 | 99.00 | OK | |||
r-oldrel-macos-x86_64 | 2.1.0 | 175.00 | OK | |||
r-oldrel-windows-ix86+x86_64 | 2.1.0 | 120.00 | 402.00 | 522.00 | OK |
Version: 2.1.0
Check: package dependencies
Result: NOTE
Imports includes 26 non-default packages.
Importing from so many packages makes the package vulnerable to any of
them becoming unavailable. Move as many as possible to Suggests and
use conditionally.
Flavor: r-devel-linux-x86_64-fedora-clang