CRAN Package Check Results for Package likert

Last updated on 2021-10-27 04:00:14 CEST.

Flavor Version Tinstall Tcheck Ttotal Status Flags
r-devel-linux-x86_64-debian-clang 1.3.5 7.30 70.58 77.88 OK
r-devel-linux-x86_64-debian-gcc 1.3.5 6.00 53.98 59.98 OK
r-devel-linux-x86_64-fedora-clang 1.3.5 104.21 NOTE
r-devel-linux-x86_64-fedora-gcc 1.3.5 91.79 NOTE
r-devel-windows-x86_64 1.3.5 13.00 94.00 107.00 OK
r-devel-windows-x86_64-gcc10-UCRT 1.3.5 NOTE
r-patched-linux-x86_64 1.3.5 10.61 66.31 76.92 OK
r-patched-solaris-x86 1.3.5 134.00 NOTE
r-release-linux-x86_64 1.3.5 7.38 66.36 73.74 OK
r-release-macos-arm64 1.3.5 NOTE
r-release-macos-x86_64 1.3.5 NOTE
r-release-windows-ix86+x86_64 1.3.5 13.00 93.00 106.00 OK
r-oldrel-macos-x86_64 1.3.5 NOTE
r-oldrel-windows-ix86+x86_64 1.3.5 19.00 105.00 124.00 OK

Check Details

Version: 1.3.5
Check: data for non-ASCII characters
Result: NOTE
     Note: found 7 marked UTF-8 strings
Flavors: r-devel-linux-x86_64-fedora-clang, r-devel-linux-x86_64-fedora-gcc, r-devel-windows-x86_64-gcc10-UCRT, r-patched-solaris-x86, r-release-macos-arm64, r-release-macos-x86_64, r-oldrel-macos-x86_64