CRAN Package Check Results for Package lidR

Last updated on 2021-12-07 03:53:45 CET.

Flavor Version Tinstall Tcheck Ttotal Status Flags
r-devel-linux-x86_64-debian-clang 3.2.3 133.73 417.22 550.95 OK
r-devel-linux-x86_64-debian-gcc 3.2.3 115.74 309.88 425.62 OK
r-devel-linux-x86_64-fedora-clang 3.2.3 734.70 NOTE
r-devel-linux-x86_64-fedora-gcc 3.2.3 715.05 OK
r-devel-windows-x86_64-new-UL 3.2.3 202.00 522.00 724.00 NOTE
r-devel-windows-x86_64-new-TK 3.2.3 OK
r-devel-windows-x86_64-old 3.2.3 179.00 373.00 552.00 NOTE
r-patched-linux-x86_64 3.2.3 130.29 423.97 554.26 OK
r-release-linux-x86_64 3.2.3 131.73 427.94 559.67 OK
r-release-macos-arm64 3.2.3 NOTE
r-release-macos-x86_64 3.2.3 NOTE
r-release-windows-ix86+x86_64 3.2.3 238.00 667.00 905.00 NOTE
r-oldrel-macos-x86_64 3.2.3 NOTE
r-oldrel-windows-ix86+x86_64 3.2.3 316.00 785.00 1101.00 NOTE

Check Details

Version: 3.2.3
Check: installed package size
Result: NOTE
     installed size is 12.7Mb
     sub-directories of 1Mb or more:
     R 1.1Mb
     doc 1.0Mb
     extdata 1.2Mb
     libs 8.7Mb
Flavors: r-devel-linux-x86_64-fedora-clang, r-devel-windows-x86_64-new-UL, r-devel-windows-x86_64-old, r-release-macos-arm64, r-release-macos-x86_64, r-release-windows-ix86+x86_64, r-oldrel-macos-x86_64, r-oldrel-windows-ix86+x86_64