Last updated on 2022-07-02 15:52:22 CEST.
Flavor | Version | Tinstall | Tcheck | Ttotal | Status | Flags |
---|---|---|---|---|---|---|
r-devel-linux-x86_64-debian-clang | 4.0.1 | 159.27 | 556.35 | 715.62 | OK | |
r-devel-linux-x86_64-debian-gcc | 4.0.1 | 131.61 | 401.71 | 533.32 | OK | |
r-devel-linux-x86_64-fedora-clang | 4.0.1 | 871.62 | NOTE | |||
r-devel-linux-x86_64-fedora-gcc | 4.0.1 | 861.31 | OK | |||
r-devel-windows-x86_64 | 4.0.1 | 213.00 | 600.00 | 813.00 | NOTE | |
r-patched-linux-x86_64 | 4.0.1 | 157.11 | 525.58 | 682.69 | OK | |
r-release-linux-x86_64 | 4.0.1 | 140.19 | 532.00 | 672.19 | OK | |
r-release-macos-arm64 | 4.0.1 | 199.00 | NOTE | |||
r-release-macos-x86_64 | 4.0.1 | 308.00 | NOTE | |||
r-release-windows-x86_64 | 4.0.1 | 448.00 | 606.00 | 1054.00 | NOTE | |
r-oldrel-macos-arm64 | 4.0.1 | 208.00 | NOTE | |||
r-oldrel-macos-x86_64 | 4.0.1 | 293.00 | NOTE | |||
r-oldrel-windows-ix86+x86_64 | 4.0.1 | 348.00 | 1001.00 | 1349.00 | NOTE |
Version: 4.0.1
Check: installed package size
Result: NOTE
installed size is 11.0Mb
sub-directories of 1Mb or more:
R 1.2Mb
doc 1.0Mb
extdata 1.2Mb
libs 7.1Mb
Flavors: r-devel-linux-x86_64-fedora-clang, r-devel-windows-x86_64, r-release-macos-arm64, r-release-macos-x86_64, r-release-windows-x86_64, r-oldrel-macos-arm64, r-oldrel-macos-x86_64, r-oldrel-windows-ix86+x86_64