CRAN Package Check Results for Package lgcp

Last updated on 2022-01-23 15:49:11 CET.

Flavor Version Tinstall Tcheck Ttotal Status Flags
r-devel-linux-x86_64-debian-clang 1.7 69.30 572.04 641.34 OK
r-devel-linux-x86_64-debian-gcc 1.7 57.05 452.46 509.51 OK
r-devel-linux-x86_64-fedora-clang 1.7 781.22 NOTE
r-devel-linux-x86_64-fedora-gcc 1.7 811.38 NOTE
r-devel-windows-x86_64-new-UL 1.7 237.00 574.00 811.00 OK
r-devel-windows-x86_64-new-TK 1.7 NOTE
r-patched-linux-x86_64 1.7 69.19 549.87 619.06 OK
r-release-linux-x86_64 1.7 48.12 550.91 599.03 OK
r-release-macos-arm64 1.7 NOTE
r-release-macos-x86_64 1.7 NOTE
r-release-windows-ix86+x86_64 1.7 132.00 595.00 727.00 OK
r-oldrel-macos-x86_64 1.7 NOTE
r-oldrel-windows-ix86+x86_64 1.7 125.00 625.00 750.00 OK

Check Details

Version: 1.7
Check: dependencies in R code
Result: NOTE
    Namespace in Imports field not imported from: ‘spatstat’
     All declared Imports should be used.
Flavors: r-devel-linux-x86_64-fedora-clang, r-devel-linux-x86_64-fedora-gcc, r-devel-windows-x86_64-new-TK, r-release-macos-arm64, r-release-macos-x86_64, r-oldrel-macos-x86_64