CRAN Package Check Results for Package lg

Last updated on 2022-01-22 15:52:16 CET.

Flavor Version Tinstall Tcheck Ttotal Status Flags
r-devel-linux-x86_64-debian-clang 0.4.1 5.52 55.70 61.22 NOTE
r-devel-linux-x86_64-debian-gcc 0.4.1 3.96 41.90 45.86 NOTE
r-devel-linux-x86_64-fedora-clang 0.4.1 73.61 NOTE
r-devel-linux-x86_64-fedora-gcc 0.4.1 61.88 NOTE
r-devel-windows-x86_64-new-UL 0.4.1 31.00 79.00 110.00 NOTE
r-devel-windows-x86_64-new-TK 0.4.1 NOTE
r-patched-linux-x86_64 0.4.1 5.68 53.82 59.50 NOTE
r-release-linux-x86_64 0.4.1 3.24 53.61 56.85 NOTE
r-release-macos-arm64 0.4.1 NOTE
r-release-macos-x86_64 0.4.1 NOTE
r-release-windows-ix86+x86_64 0.4.1 11.00 68.00 79.00 NOTE
r-oldrel-macos-x86_64 0.4.1 OK
r-oldrel-windows-ix86+x86_64 0.4.1 12.00 65.00 77.00 OK

Check Details

Version: 0.4.1
Check: LazyData
Result: NOTE
     'LazyData' is specified without a 'data' directory
Flavors: r-devel-linux-x86_64-debian-clang, r-devel-linux-x86_64-debian-gcc, r-devel-linux-x86_64-fedora-clang, r-devel-linux-x86_64-fedora-gcc, r-devel-windows-x86_64-new-UL, r-devel-windows-x86_64-new-TK, r-patched-linux-x86_64, r-release-linux-x86_64, r-release-macos-arm64, r-release-macos-x86_64, r-release-windows-ix86+x86_64