CRAN Package Check Results for Package levitate

Last updated on 2023-01-31 04:06:25 CET.

Flavor Version Tinstall Tcheck Ttotal Status Flags
r-devel-linux-x86_64-debian-clang 0.1.0 2.09 51.12 53.21 OK
r-devel-linux-x86_64-debian-gcc 0.1.0 1.53 36.44 37.97 OK
r-devel-linux-x86_64-fedora-clang 0.1.0 63.47 NOTE
r-devel-linux-x86_64-fedora-gcc 0.1.0 73.38 NOTE
r-devel-windows-x86_64 0.1.0 12.00 79.00 91.00 OK
r-patched-linux-x86_64 0.1.0 2.57 46.63 49.20 OK
r-release-linux-x86_64 0.1.0 2.27 47.36 49.63 OK
r-release-macos-arm64 0.1.0 22.00 NOTE
r-release-macos-x86_64 0.1.0 30.00 NOTE
r-release-windows-x86_64 0.1.0 20.00 87.00 107.00 OK
r-oldrel-macos-arm64 0.1.0 30.00 NOTE
r-oldrel-macos-x86_64 0.1.0 41.00 NOTE
r-oldrel-windows-ix86+x86_64 0.1.0 6.00 83.00 89.00 OK

Check Details

Version: 0.1.0
Check: dependencies in R code
Result: NOTE
    Namespaces in Imports field not imported from:
     ‘cli’ ‘glue’ ‘stringr’
     All declared Imports should be used.
Flavors: r-devel-linux-x86_64-fedora-clang, r-devel-linux-x86_64-fedora-gcc, r-release-macos-arm64, r-release-macos-x86_64, r-oldrel-macos-arm64, r-oldrel-macos-x86_64