Last updated on 2023-04-01 15:51:56 CEST.
Flavor | Version | Tinstall | Tcheck | Ttotal | Status | Flags |
---|---|---|---|---|---|---|
r-devel-linux-x86_64-debian-clang | 4.2.8 | 41.73 | 302.97 | 344.70 | OK | |
r-devel-linux-x86_64-debian-gcc | 4.2.8 | 33.32 | 220.35 | 253.67 | OK | |
r-devel-linux-x86_64-fedora-clang | 4.2.8 | 416.18 | NOTE | |||
r-devel-linux-x86_64-fedora-gcc | 4.2.8 | 439.45 | OK | |||
r-devel-windows-x86_64 | 4.2.8 | 65.00 | 354.00 | 419.00 | NOTE | |
r-patched-linux-x86_64 | 4.2.8 | 44.10 | 290.15 | 334.25 | OK | |
r-release-linux-x86_64 | 4.2.8 | 39.87 | 283.87 | 323.74 | OK | |
r-release-macos-arm64 | 4.2.8 | 102.00 | NOTE | |||
r-release-macos-x86_64 | 4.2.8 | 153.00 | NOTE | |||
r-release-windows-x86_64 | 4.2.8 | 117.00 | 378.00 | 495.00 | NOTE | |
r-oldrel-macos-arm64 | 4.2.8 | 112.00 | NOTE | |||
r-oldrel-macos-x86_64 | 4.2.8 | 164.00 | NOTE | |||
r-oldrel-windows-ix86+x86_64 | 4.2.8 | 67.00 | 330.00 | 397.00 | NOTE |
Version: 4.2.8
Check: installed package size
Result: NOTE
installed size is 8.6Mb
sub-directories of 1Mb or more:
R 1.3Mb
doc 5.9Mb
Flavors: r-devel-linux-x86_64-fedora-clang, r-devel-windows-x86_64, r-release-macos-arm64, r-release-macos-x86_64, r-release-windows-x86_64, r-oldrel-macos-arm64, r-oldrel-macos-x86_64, r-oldrel-windows-ix86+x86_64