Last updated on 2023-02-01 03:54:19 CET.
Flavor | Version | Tinstall | Tcheck | Ttotal | Status | Flags |
---|---|---|---|---|---|---|
r-devel-linux-x86_64-debian-clang | 0.2 | 39.80 | 34.56 | 74.36 | NOTE | |
r-devel-linux-x86_64-debian-gcc | 0.2 | 26.36 | 26.68 | 53.04 | NOTE | |
r-devel-linux-x86_64-fedora-clang | 0.2 | 99.90 | NOTE | |||
r-devel-linux-x86_64-fedora-gcc | 0.2 | 104.94 | NOTE | |||
r-devel-windows-x86_64 | 0.2 | 50.00 | 89.00 | 139.00 | NOTE | |
r-patched-linux-x86_64 | 0.2 | 32.96 | 33.96 | 66.92 | OK | |
r-release-linux-x86_64 | 0.2 | 27.27 | 34.78 | 62.05 | OK | |
r-release-macos-arm64 | 0.2 | 28.00 | OK | |||
r-release-macos-x86_64 | 0.2 | 38.00 | OK | |||
r-release-windows-x86_64 | 0.2 | 47.00 | 96.00 | 143.00 | OK | |
r-oldrel-macos-arm64 | 0.2 | 32.00 | OK | |||
r-oldrel-macos-x86_64 | 0.2 | 53.00 | OK | |||
r-oldrel-windows-ix86+x86_64 | 0.2 | 89.00 | 87.00 | 176.00 | OK |
Version: 0.2
Check: C++ specification
Result: NOTE
Specified C++11: please update to current default of C++17
Flavors: r-devel-linux-x86_64-debian-clang, r-devel-linux-x86_64-debian-gcc, r-devel-linux-x86_64-fedora-clang, r-devel-linux-x86_64-fedora-gcc, r-devel-windows-x86_64