CRAN Package Check Results for Package legislatoR

Last updated on 2023-01-28 03:55:55 CET.

Flavor Version Tinstall Tcheck Ttotal Status Flags
r-devel-linux-x86_64-debian-clang 1.0 5.05 51.37 56.42 NOTE
r-devel-linux-x86_64-debian-gcc 1.0 4.18 38.64 42.82 NOTE
r-devel-linux-x86_64-fedora-clang 1.0 70.99 NOTE
r-devel-linux-x86_64-fedora-gcc 1.0 80.02 NOTE
r-devel-windows-x86_64 1.0 13.00 85.00 98.00 NOTE
r-patched-linux-x86_64 1.0 5.06 50.29 55.35 NOTE
r-release-linux-x86_64 1.0 4.44 50.75 55.19 NOTE
r-release-macos-arm64 1.0 24.00 NOTE
r-release-macos-x86_64 1.0 45.00 NOTE
r-release-windows-x86_64 1.0 25.00 85.00 110.00 NOTE
r-oldrel-macos-arm64 1.0 32.00 NOTE
r-oldrel-macos-x86_64 1.0 43.00 NOTE
r-oldrel-windows-ix86+x86_64 1.0 13.00 74.00 87.00 NOTE

Check Details

Version: 1.0
Check: LazyData
Result: NOTE
     'LazyData' is specified without a 'data' directory
Flavors: r-devel-linux-x86_64-debian-clang, r-devel-linux-x86_64-debian-gcc, r-devel-linux-x86_64-fedora-clang, r-devel-linux-x86_64-fedora-gcc, r-devel-windows-x86_64, r-patched-linux-x86_64, r-release-linux-x86_64, r-release-macos-arm64, r-release-macos-x86_64, r-release-windows-x86_64, r-oldrel-macos-arm64, r-oldrel-macos-x86_64, r-oldrel-windows-ix86+x86_64