CRAN Package Check Results for Package legco

Last updated on 2022-01-28 15:53:16 CET.

Flavor Version Tinstall Tcheck Ttotal Status Flags
r-devel-linux-x86_64-debian-clang 0.1.4 10.59 85.48 96.07 OK
r-devel-linux-x86_64-debian-gcc 0.1.4 7.17 63.69 70.86 OK
r-devel-linux-x86_64-fedora-clang 0.1.4 107.78 NOTE
r-devel-linux-x86_64-fedora-gcc 0.1.4 94.85 NOTE
r-devel-windows-x86_64-new-UL 0.1.4 150.00 206.00 356.00 OK
r-devel-windows-x86_64-new-TK 0.1.4 NOTE
r-patched-linux-x86_64 0.1.4 10.33 82.26 92.59 OK
r-release-linux-x86_64 0.1.4 6.97 82.31 89.28 OK
r-release-macos-arm64 0.1.4 NOTE
r-release-macos-x86_64 0.1.4 NOTE
r-release-windows-ix86+x86_64 0.1.4 17.00 184.00 201.00 OK
r-oldrel-macos-x86_64 0.1.4 NOTE
r-oldrel-windows-ix86+x86_64 0.1.4 16.00 186.00 202.00 OK

Check Details

Version: 0.1.4
Check: data for non-ASCII characters
Result: NOTE
     Note: found 51 marked UTF-8 strings
Flavors: r-devel-linux-x86_64-fedora-clang, r-devel-linux-x86_64-fedora-gcc, r-devel-windows-x86_64-new-TK, r-release-macos-arm64, r-release-macos-x86_64, r-oldrel-macos-x86_64