CRAN Package Check Results for Package learnr

Last updated on 2021-10-23 05:02:39 CEST.

Flavor Version Tinstall Tcheck Ttotal Status Flags
r-devel-linux-x86_64-debian-clang 0.10.1 7.23 70.91 78.14 NOTE
r-devel-linux-x86_64-debian-gcc 0.10.1 5.27 52.30 57.57 NOTE
r-devel-linux-x86_64-fedora-clang 0.10.1 101.46 NOTE
r-devel-linux-x86_64-fedora-gcc 0.10.1 101.90 NOTE
r-devel-windows-x86_64 0.10.1 12.00 104.00 116.00 NOTE
r-devel-windows-x86_64-gcc10-UCRT 0.10.1 NOTE
r-patched-linux-x86_64 0.10.1 6.41 67.53 73.94 NOTE
r-patched-solaris-x86 0.10.1 127.70 NOTE
r-release-linux-x86_64 0.10.1 6.27 67.08 73.35 NOTE
r-release-macos-arm64 0.10.1 NOTE
r-release-macos-x86_64 0.10.1 NOTE
r-release-windows-ix86+x86_64 0.10.1 10.00 97.00 107.00 NOTE
r-oldrel-macos-x86_64 0.10.1 OK
r-oldrel-windows-ix86+x86_64 0.10.1 16.00 113.00 129.00 OK

Check Details

Version: 0.10.1
Check: LazyData
Result: NOTE
     'LazyData' is specified without a 'data' directory
Flavors: r-devel-linux-x86_64-debian-clang, r-devel-linux-x86_64-debian-gcc, r-devel-linux-x86_64-fedora-clang, r-devel-linux-x86_64-fedora-gcc, r-devel-windows-x86_64, r-devel-windows-x86_64-gcc10-UCRT, r-patched-linux-x86_64, r-patched-solaris-x86, r-release-linux-x86_64, r-release-macos-arm64, r-release-macos-x86_64, r-release-windows-ix86+x86_64