Last updated on 2022-06-30 03:53:26 CEST.
Flavor | Version | Tinstall | Tcheck | Ttotal | Status | Flags |
---|---|---|---|---|---|---|
r-devel-linux-x86_64-debian-clang | 1.0.0 | 4.27 | 31.07 | 35.34 | NOTE | |
r-devel-linux-x86_64-debian-gcc | 1.0.0 | 3.17 | 24.37 | 27.54 | NOTE | |
r-devel-linux-x86_64-fedora-clang | 1.0.0 | 52.28 | NOTE | |||
r-devel-linux-x86_64-fedora-gcc | 1.0.0 | 50.73 | NOTE | |||
r-devel-windows-x86_64 | 1.0.0 | 202.00 | 65.00 | 267.00 | NOTE | |
r-patched-linux-x86_64 | 1.0.0 | 8.22 | 30.80 | 39.02 | NOTE | |
r-release-linux-x86_64 | 1.0.0 | 3.44 | 30.57 | 34.01 | NOTE | |
r-release-macos-arm64 | 1.0.0 | 16.00 | NOTE | |||
r-release-macos-x86_64 | 1.0.0 | 34.00 | NOTE | |||
r-release-windows-x86_64 | 1.0.0 | 412.00 | 61.00 | 473.00 | NOTE | |
r-oldrel-macos-arm64 | 1.0.0 | 25.00 | NOTE | |||
r-oldrel-macos-x86_64 | 1.0.0 | 29.00 | NOTE | |||
r-oldrel-windows-ix86+x86_64 | 1.0.0 | 10.00 | 49.00 | 59.00 | NOTE |
Version: 1.0.0
Check: LazyData
Result: NOTE
'LazyData' is specified without a 'data' directory
Flavors: r-devel-linux-x86_64-debian-clang, r-devel-linux-x86_64-debian-gcc, r-devel-linux-x86_64-fedora-clang, r-devel-linux-x86_64-fedora-gcc, r-devel-windows-x86_64, r-patched-linux-x86_64, r-release-linux-x86_64, r-release-macos-arm64, r-release-macos-x86_64, r-release-windows-x86_64, r-oldrel-macos-arm64, r-oldrel-macos-x86_64, r-oldrel-windows-ix86+x86_64