CRAN Package Check Results for Package ldsr

Last updated on 2024-07-20 03:49:05 CEST.

Flavor Version Tinstall Tcheck Ttotal Status Flags
r-devel-linux-x86_64-debian-clang 0.0.2 40.90 79.91 120.81 NOTE
r-devel-linux-x86_64-debian-gcc 0.0.2 28.91 58.96 87.87 NOTE
r-devel-linux-x86_64-fedora-clang 0.0.2 175.30 NOTE
r-devel-linux-x86_64-fedora-gcc 0.0.2 186.42 NOTE
r-devel-windows-x86_64 0.0.2 35.00 97.00 132.00 NOTE
r-patched-linux-x86_64 0.0.2 38.11 74.24 112.35 NOTE
r-release-linux-x86_64 0.0.2 40.55 73.90 114.45 NOTE
r-release-macos-arm64 0.0.2 48.00 NOTE
r-release-macos-x86_64 0.0.2 102.00 NOTE
r-release-windows-x86_64 0.0.2 41.00 100.00 141.00 NOTE
r-oldrel-macos-arm64 0.0.2 54.00 NOTE
r-oldrel-macos-x86_64 0.0.2 85.00 NOTE
r-oldrel-windows-x86_64 0.0.2 51.00 114.00 165.00 NOTE

Check Details

Version: 0.0.2
Check: C++ specification
Result: NOTE Specified C++11: please drop specification unless essential Flavors: r-devel-linux-x86_64-debian-clang, r-devel-linux-x86_64-debian-gcc, r-devel-linux-x86_64-fedora-clang, r-devel-linux-x86_64-fedora-gcc, r-devel-windows-x86_64, r-patched-linux-x86_64, r-release-linux-x86_64, r-release-macos-arm64, r-release-macos-x86_64, r-release-windows-x86_64, r-oldrel-macos-arm64, r-oldrel-macos-x86_64, r-oldrel-windows-x86_64

Version: 0.0.2
Check: package subdirectories
Result: NOTE Problems with news in ‘NEWS.md’: No news entries found. Flavors: r-devel-linux-x86_64-debian-clang, r-devel-linux-x86_64-debian-gcc, r-devel-linux-x86_64-fedora-clang, r-devel-linux-x86_64-fedora-gcc, r-devel-windows-x86_64, r-patched-linux-x86_64, r-release-linux-x86_64, r-release-macos-arm64, r-release-macos-x86_64, r-release-windows-x86_64, r-oldrel-macos-arm64, r-oldrel-macos-x86_64, r-oldrel-windows-x86_64