CRAN Package Check Results for Package lcyanalysis

Last updated on 2022-01-27 15:53:38 CET.

Flavor Version Tinstall Tcheck Ttotal Status Flags
r-devel-linux-x86_64-debian-clang 1.0.4 7.38 54.52 61.90 NOTE
r-devel-linux-x86_64-debian-gcc 1.0.4 5.50 41.19 46.69 NOTE
r-devel-linux-x86_64-fedora-clang 1.0.4 74.32 NOTE
r-devel-linux-x86_64-fedora-gcc 1.0.4 61.59 NOTE
r-devel-windows-x86_64-new-UL 1.0.4 40.00 74.00 114.00 NOTE
r-devel-windows-x86_64-new-TK 1.0.4 NOTE
r-patched-linux-x86_64 1.0.4 6.70 51.81 58.51 NOTE
r-release-linux-x86_64 1.0.4 6.64 52.03 58.67 NOTE
r-release-macos-arm64 1.0.4 NOTE
r-release-macos-x86_64 1.0.4 NOTE
r-release-windows-ix86+x86_64 1.0.4 12.00 61.00 73.00 NOTE
r-oldrel-macos-x86_64 1.0.4 OK
r-oldrel-windows-ix86+x86_64 1.0.4 12.00 61.00 73.00 OK

Check Details

Version: 1.0.4
Check: LazyData
Result: NOTE
     'LazyData' is specified without a 'data' directory
Flavors: r-devel-linux-x86_64-debian-clang, r-devel-linux-x86_64-debian-gcc, r-devel-linux-x86_64-fedora-clang, r-devel-linux-x86_64-fedora-gcc, r-devel-windows-x86_64-new-UL, r-devel-windows-x86_64-new-TK, r-patched-linux-x86_64, r-release-linux-x86_64, r-release-macos-arm64, r-release-macos-x86_64, r-release-windows-ix86+x86_64