CRAN Package Check Results for Package lconnect

Last updated on 2022-10-01 15:52:55 CEST.

Flavor Version Tinstall Tcheck Ttotal Status Flags
r-devel-linux-x86_64-debian-clang 0.1.1 2.16 34.29 36.45 NOTE
r-devel-linux-x86_64-debian-gcc 0.1.1 1.95 26.01 27.96 NOTE
r-devel-linux-x86_64-fedora-clang 0.1.1 56.95 NOTE
r-devel-linux-x86_64-fedora-gcc 0.1.1 54.47 NOTE
r-devel-windows-x86_64 0.1.1 8.00 66.00 74.00 NOTE
r-patched-linux-x86_64 0.1.1 2.53 33.05 35.58 NOTE
r-release-linux-x86_64 0.1.1 1.83 32.74 34.57 NOTE
r-release-macos-arm64 0.1.1 20.00 NOTE
r-release-macos-x86_64 0.1.1 27.00 NOTE
r-release-windows-x86_64 0.1.1 10.00 60.00 70.00 NOTE
r-oldrel-macos-arm64 0.1.1 23.00 NOTE
r-oldrel-macos-x86_64 0.1.1 34.00 NOTE
r-oldrel-windows-ix86+x86_64 0.1.1 7.00 63.00 70.00 NOTE

Check Details

Version: 0.1.1
Check: LazyData
Result: NOTE
     'LazyData' is specified without a 'data' directory
Flavors: r-devel-linux-x86_64-debian-clang, r-devel-linux-x86_64-debian-gcc, r-devel-linux-x86_64-fedora-clang, r-devel-linux-x86_64-fedora-gcc, r-devel-windows-x86_64, r-patched-linux-x86_64, r-release-linux-x86_64, r-release-macos-arm64, r-release-macos-x86_64, r-release-windows-x86_64, r-oldrel-macos-arm64, r-oldrel-macos-x86_64, r-oldrel-windows-ix86+x86_64