CRAN Package Check Results for Package lazyWeave

Last updated on 2024-07-12 15:52:51 CEST.

Flavor Version Tinstall Tcheck Ttotal Status Flags
r-devel-linux-x86_64-debian-clang 3.0.2 6.74 47.78 54.52 NOTE
r-devel-linux-x86_64-debian-gcc 3.0.2 4.49 36.17 40.66 NOTE
r-devel-linux-x86_64-fedora-clang 3.0.2 67.36 NOTE
r-devel-linux-x86_64-fedora-gcc 3.0.2 62.72 NOTE
r-devel-windows-x86_64 3.0.2 6.00 63.00 69.00 NOTE
r-patched-linux-x86_64 3.0.2 9.98 45.82 55.80 NOTE
r-release-linux-x86_64 3.0.2 3.87 45.33 49.20 NOTE
r-release-macos-arm64 3.0.2 23.00 NOTE
r-release-macos-x86_64 3.0.2 33.00 NOTE
r-release-windows-x86_64 3.0.2 6.00 62.00 68.00 NOTE
r-oldrel-macos-arm64 3.0.2 27.00 OK
r-oldrel-macos-x86_64 3.0.2 35.00 OK
r-oldrel-windows-x86_64 3.0.2 8.00 69.00 77.00 OK

Check Details

Version: 3.0.2
Check: Rd files
Result: NOTE checkRd: (-1) univ.Rd:35: Lost braces in \enumerate; meant \describe ? checkRd: (-1) univ.Rd:36: Lost braces in \enumerate; meant \describe ? checkRd: (-1) univ.Rd:37: Lost braces in \enumerate; meant \describe ? checkRd: (-1) univ.Rd:38: Lost braces in \enumerate; meant \describe ? checkRd: (-1) univ.Rd:39: Lost braces in \enumerate; meant \describe ? checkRd: (-1) univ.Rd:40: Lost braces in \enumerate; meant \describe ? checkRd: (-1) univ.Rd:41: Lost braces in \enumerate; meant \describe ? checkRd: (-1) univ.Rd:42: Lost braces in \enumerate; meant \describe ? checkRd: (-1) univ.Rd:43: Lost braces in \enumerate; meant \describe ? checkRd: (-1) univ.Rd:44: Lost braces in \enumerate; meant \describe ? checkRd: (-1) univ.Rd:45: Lost braces in \enumerate; meant \describe ? checkRd: (-1) univ.Rd:46: Lost braces in \enumerate; meant \describe ? Flavors: r-devel-linux-x86_64-debian-clang, r-devel-linux-x86_64-debian-gcc, r-devel-linux-x86_64-fedora-clang, r-devel-linux-x86_64-fedora-gcc, r-devel-windows-x86_64, r-patched-linux-x86_64, r-release-linux-x86_64, r-release-macos-arm64, r-release-macos-x86_64, r-release-windows-x86_64

Version: 3.0.2
Check: Rd cross-references
Result: NOTE Found the following Rd file(s) with Rd \link{} targets missing package anchors: lazy.footnote.Rd: latexTranslate Please provide package anchors for all Rd \link{} targets not in the package itself and the base packages. Flavor: r-devel-windows-x86_64