CRAN Package Check Results for Package layer

Last updated on 2022-10-01 15:52:55 CEST.

Flavor Version Tinstall Tcheck Ttotal Status Flags
r-devel-linux-x86_64-debian-clang 0.0.1 8.43 112.16 120.59 OK
r-devel-linux-x86_64-debian-gcc 0.0.1 5.96 80.82 86.78 OK
r-devel-linux-x86_64-fedora-clang 0.0.1 151.94 NOTE
r-devel-linux-x86_64-fedora-gcc 0.0.1 141.72 NOTE
r-devel-windows-x86_64 0.0.1 15.00 132.00 147.00 OK
r-patched-linux-x86_64 0.0.1 8.21 103.90 112.11 OK
r-release-linux-x86_64 0.0.1 7.80 103.28 111.08 OK
r-release-macos-arm64 0.0.1 35.00 NOTE
r-release-macos-x86_64 0.0.1 66.00 NOTE
r-release-windows-x86_64 0.0.1 13.00 124.00 137.00 OK
r-oldrel-macos-arm64 0.0.1 36.00 NOTE
r-oldrel-macos-x86_64 0.0.1 56.00 NOTE
r-oldrel-windows-ix86+x86_64 0.0.1 19.00 130.00 149.00 OK

Check Details

Version: 0.0.1
Check: dependencies in R code
Result: NOTE
    Namespaces in Imports field not imported from:
     ‘dplyr’ ‘raster’
     All declared Imports should be used.
Flavors: r-devel-linux-x86_64-fedora-clang, r-devel-linux-x86_64-fedora-gcc, r-release-macos-arm64, r-release-macos-x86_64, r-oldrel-macos-arm64, r-oldrel-macos-x86_64