CRAN Package Check Results for Package lattice

Last updated on 2021-10-21 15:51:05 CEST.

Flavor Version Tinstall Tcheck Ttotal Status Flags
r-devel-linux-x86_64-debian-clang 0.20-45 14.00 145.92 159.92 OK
r-devel-linux-x86_64-debian-gcc 0.20-45 14.37 107.83 122.20 OK
r-devel-linux-x86_64-fedora-clang 0.20-45 207.46 NOTE
r-devel-linux-x86_64-fedora-gcc 0.20-45 192.86 OK
r-devel-windows-x86_64 0.20-45 29.00 167.00 196.00 OK
r-devel-windows-x86_64-gcc10-UCRT 0.20-45 OK
r-patched-linux-x86_64 0.20-45 20.38 139.41 159.79 OK
r-patched-solaris-x86 0.20-45 OK
r-release-linux-x86_64 0.20-45 16.32 138.82 155.14 OK
r-release-macos-arm64 0.20-45 OK
r-release-macos-x86_64 0.20-45 OK
r-release-windows-ix86+x86_64 0.20-45 28.00 224.00 252.00 OK
r-oldrel-macos-x86_64 0.20-45 OK
r-oldrel-windows-ix86+x86_64 0.20-45 43.00 235.00 278.00 OK

Check Details

Version: 0.20-45
Check: Rd cross-references
Result: NOTE
    Undeclared package ‘zoo’ in Rd xrefs
Flavor: r-devel-linux-x86_64-fedora-clang