CRAN Package Check Results for Package latte

Last updated on 2021-10-26 15:51:14 CEST.

Flavor Version Tinstall Tcheck Ttotal Status Flags
r-devel-linux-x86_64-debian-clang 0.2.1 8.33 62.08 70.41 NOTE
r-devel-linux-x86_64-debian-gcc 0.2.1 7.17 47.29 54.46 NOTE
r-devel-linux-x86_64-fedora-clang 0.2.1 95.24 NOTE
r-devel-linux-x86_64-fedora-gcc 0.2.1 86.12 NOTE
r-devel-windows-x86_64 0.2.1 14.00 86.00 100.00 NOTE
r-devel-windows-x86_64-gcc10-UCRT 0.2.1 NOTE
r-patched-linux-x86_64 0.2.1 12.90 59.09 71.99 NOTE
r-patched-solaris-x86 0.2.1 117.30 NOTE
r-release-linux-x86_64 0.2.1 6.50 58.23 64.73 NOTE
r-release-macos-arm64 0.2.1 NOTE
r-release-macos-x86_64 0.2.1 NOTE
r-release-windows-ix86+x86_64 0.2.1 14.00 73.00 87.00 NOTE
r-oldrel-macos-x86_64 0.2.1 OK
r-oldrel-windows-ix86+x86_64 0.2.1 20.00 89.00 109.00 OK

Check Details

Version: 0.2.1
Check: LazyData
Result: NOTE
     'LazyData' is specified without a 'data' directory
Flavors: r-devel-linux-x86_64-debian-clang, r-devel-linux-x86_64-debian-gcc, r-devel-linux-x86_64-fedora-clang, r-devel-linux-x86_64-fedora-gcc, r-devel-windows-x86_64, r-devel-windows-x86_64-gcc10-UCRT, r-patched-linux-x86_64, r-patched-solaris-x86, r-release-linux-x86_64, r-release-macos-arm64, r-release-macos-x86_64, r-release-windows-ix86+x86_64