CRAN Package Check Results for Package landscapemetrics

Last updated on 2021-10-25 04:00:16 CEST.

Flavor Version Tinstall Tcheck Ttotal Status Flags
r-devel-linux-x86_64-debian-clang 1.5.4 154.41 516.67 671.08 OK
r-devel-linux-x86_64-debian-gcc 1.5.4 114.53 397.46 511.99 OK
r-devel-linux-x86_64-fedora-clang 1.5.4 870.60 NOTE
r-devel-linux-x86_64-fedora-gcc 1.5.4 827.44 OK
r-devel-windows-x86_64 1.5.4 212.00 617.00 829.00 OK
r-devel-windows-x86_64-gcc10-UCRT 1.5.4 OK
r-patched-linux-x86_64 1.5.4 146.93 504.72 651.65 OK
r-patched-solaris-x86 1.5.4 677.80 OK
r-release-linux-x86_64 1.5.4 140.80 496.47 637.27 OK
r-release-macos-arm64 1.5.4 NOTE
r-release-macos-x86_64 1.5.4 NOTE
r-release-windows-ix86+x86_64 1.5.4 285.00 978.00 1263.00 OK
r-oldrel-macos-x86_64 1.5.4 NOTE
r-oldrel-windows-ix86+x86_64 1.5.4 361.00 801.00 1162.00 OK

Check Details

Version: 1.5.4
Check: installed package size
Result: NOTE
     installed size is 5.3Mb
     sub-directories of 1Mb or more:
     libs 3.6Mb
Flavors: r-devel-linux-x86_64-fedora-clang, r-release-macos-arm64, r-release-macos-x86_64, r-oldrel-macos-x86_64