CRAN Package Check Results for Package lagsarlmtree

Last updated on 2022-01-28 15:53:16 CET.

Flavor Version Tinstall Tcheck Ttotal Status Flags
r-devel-linux-x86_64-debian-clang 1.0-1 32.18 335.90 368.08 OK
r-devel-linux-x86_64-debian-gcc 1.0-1 27.07 249.80 276.87 OK
r-devel-linux-x86_64-fedora-clang 1.0-1 407.12 NOTE
r-devel-linux-x86_64-fedora-gcc 1.0-1 422.12 OK
r-devel-windows-x86_64-new-UL 1.0-1 47.00 314.00 361.00 NOTE
r-devel-windows-x86_64-new-TK 1.0-1 OK
r-patched-linux-x86_64 1.0-1 29.90 290.11 320.01 OK
r-release-linux-x86_64 1.0-1 27.72 288.81 316.53 OK
r-release-macos-arm64 1.0-1 NOTE
r-release-macos-x86_64 1.0-1 NOTE
r-release-windows-ix86+x86_64 1.0-1 72.00 308.00 380.00 NOTE
r-oldrel-macos-x86_64 1.0-1 NOTE
r-oldrel-windows-ix86+x86_64 1.0-1 77.00 322.00 399.00 NOTE

Check Details

Version: 1.0-1
Check: installed package size
Result: NOTE
     installed size is 8.4Mb
     sub-directories of 1Mb or more:
     data 8.3Mb
Flavors: r-devel-linux-x86_64-fedora-clang, r-devel-windows-x86_64-new-UL, r-release-macos-arm64, r-release-macos-x86_64, r-release-windows-ix86+x86_64, r-oldrel-macos-x86_64, r-oldrel-windows-ix86+x86_64

Version: 1.0-1
Check: Rd cross-references
Result: NOTE
    Undeclared package ‘spdep’ in Rd xrefs
Flavor: r-devel-linux-x86_64-fedora-clang