CRAN Package Check Results for Package l1spectral

Last updated on 2024-06-25 05:00:58 CEST.

Flavor Version Tinstall Tcheck Ttotal Status Flags
r-devel-linux-x86_64-debian-clang 0.99.6 47.59 136.53 184.12 NOTE
r-devel-linux-x86_64-debian-gcc 0.99.6 29.54 101.48 131.02 NOTE
r-devel-linux-x86_64-fedora-clang 0.99.6 243.36 NOTE
r-devel-linux-x86_64-fedora-gcc 0.99.6 232.32 NOTE
r-devel-windows-x86_64 0.99.6 38.00 129.00 167.00 NOTE
r-patched-linux-x86_64 0.99.6 31.48 130.22 161.70 NOTE
r-release-linux-x86_64 0.99.6 27.59 130.63 158.22 NOTE
r-release-macos-arm64 0.99.6 56.00 NOTE
r-release-macos-x86_64 0.99.6 86.00 NOTE
r-release-windows-x86_64 0.99.6 37.00 131.00 168.00 NOTE
r-oldrel-macos-arm64 0.99.6 67.00 OK
r-oldrel-macos-x86_64 0.99.6 111.00 OK
r-oldrel-windows-x86_64 0.99.6 49.00 163.00 212.00 OK

Check Details

Version: 0.99.6
Check: Rd files
Result: NOTE checkRd: (-1) CreateDataSet.Rd:23: Lost braces in \itemize; \value handles \item{}{} directly checkRd: (-1) CreateDataSet.Rd:24: Lost braces in \itemize; \value handles \item{}{} directly checkRd: (-1) CreateDataSet.Rd:25: Lost braces in \itemize; \value handles \item{}{} directly checkRd: (-1) FindElement.Rd:21: Lost braces in \itemize; \value handles \item{}{} directly checkRd: (-1) FindElement.Rd:22: Lost braces in \itemize; \value handles \item{}{} directly checkRd: (-1) FindNbrClusters.Rd:21: Lost braces in \itemize; \value handles \item{}{} directly checkRd: (-1) FindNbrClusters.Rd:22: Lost braces in \itemize; \value handles \item{}{} directly checkRd: (-1) FindStructure.Rd:15: Lost braces in \itemize; \value handles \item{}{} directly checkRd: (-1) FindStructure.Rd:16: Lost braces in \itemize; \value handles \item{}{} directly checkRd: (-1) l1_spectralclustering.Rd:32: Lost braces in \itemize; \value handles \item{}{} directly checkRd: (-1) l1_spectralclustering.Rd:33: Lost braces in \itemize; \value handles \item{}{} directly checkRd: (-1) l1_spectralclustering.Rd:34: Lost braces in \itemize; \value handles \item{}{} directly checkRd: (-1) l1_spectralclustering.Rd:35: Lost braces in \itemize; \value handles \item{}{} directly Flavors: r-devel-linux-x86_64-debian-clang, r-devel-linux-x86_64-debian-gcc, r-devel-linux-x86_64-fedora-clang, r-devel-linux-x86_64-fedora-gcc, r-devel-windows-x86_64, r-patched-linux-x86_64, r-release-linux-x86_64, r-release-macos-arm64, r-release-macos-x86_64, r-release-windows-x86_64