CRAN Package Check Results for Package l1ball

Last updated on 2022-01-22 03:56:47 CET.

Flavor Version Tinstall Tcheck Ttotal Status Flags
r-devel-linux-x86_64-debian-clang 0.1.0 3.68 50.11 53.79 NOTE
r-devel-linux-x86_64-debian-gcc 0.1.0 2.81 38.88 41.69 NOTE
r-devel-linux-x86_64-fedora-clang 0.1.0 65.52 NOTE
r-devel-linux-x86_64-fedora-gcc 0.1.0 54.78 NOTE
r-devel-windows-x86_64-new-UL 0.1.0 11.00 69.00 80.00 NOTE
r-devel-windows-x86_64-new-TK 0.1.0 NOTE
r-patched-linux-x86_64 0.1.0 2.75 49.99 52.74 NOTE
r-release-linux-x86_64 0.1.0 2.85 48.58 51.43 NOTE
r-release-macos-arm64 0.1.0 NOTE
r-release-macos-x86_64 0.1.0 NOTE
r-release-windows-ix86+x86_64 0.1.0 9.00 61.00 70.00 NOTE
r-oldrel-macos-x86_64 0.1.0 OK
r-oldrel-windows-ix86+x86_64 0.1.0 10.00 62.00 72.00 OK

Check Details

Version: 0.1.0
Check: LazyData
Result: NOTE
     'LazyData' is specified without a 'data' directory
Flavors: r-devel-linux-x86_64-debian-clang, r-devel-linux-x86_64-debian-gcc, r-devel-linux-x86_64-fedora-clang, r-devel-linux-x86_64-fedora-gcc, r-devel-windows-x86_64-new-UL, r-devel-windows-x86_64-new-TK, r-patched-linux-x86_64, r-release-linux-x86_64, r-release-macos-arm64, r-release-macos-x86_64, r-release-windows-ix86+x86_64