CRAN Package Check Results for Package kssa

Last updated on 2024-07-22 03:49:19 CEST.

Flavor Version Tinstall Tcheck Ttotal Status Flags
r-devel-linux-x86_64-debian-clang 0.0.1 7.33 74.91 82.24 OK
r-devel-linux-x86_64-debian-gcc 0.0.1 4.45 56.80 61.25 NOTE
r-devel-linux-x86_64-fedora-clang 0.0.1 102.56 OK
r-devel-linux-x86_64-fedora-gcc 0.0.1 96.51 OK
r-devel-windows-x86_64 0.0.1 8.00 73.00 81.00 NOTE
r-patched-linux-x86_64 0.0.1 13.08 71.68 84.76 OK
r-release-linux-x86_64 0.0.1 5.41 71.56 76.97 OK
r-release-macos-arm64 0.0.1 31.00 OK
r-release-macos-x86_64 0.0.1 48.00 OK
r-release-windows-x86_64 0.0.1 9.00 73.00 82.00 OK
r-oldrel-macos-arm64 0.0.1 35.00 OK
r-oldrel-macos-x86_64 0.0.1 46.00 OK
r-oldrel-windows-x86_64 0.0.1 10.00 83.00 93.00 OK

Check Details

Version: 0.0.1
Check: Rd cross-references
Result: NOTE Found the following Rd file(s) with Rd \link{} targets missing package anchors: get_imputations.Rd: imputeTS, forecast kssa.Rd: imputeTS, forecast Please provide package anchors for all Rd \link{} targets not in the package itself and the base packages. Flavors: r-devel-linux-x86_64-debian-gcc, r-devel-windows-x86_64