CRAN Package Check Results for Package kosel

Last updated on 2024-06-19 03:50:29 CEST.

Flavor Version Tinstall Tcheck Ttotal Status Flags
r-devel-linux-x86_64-debian-clang 0.0.1 7.02 73.82 80.84 NOTE
r-devel-linux-x86_64-debian-gcc 0.0.1 6.23 55.05 61.28 NOTE
r-devel-linux-x86_64-fedora-clang 0.0.1 103.51 NOTE
r-devel-linux-x86_64-fedora-gcc 0.0.1 99.05 NOTE
r-devel-windows-x86_64 0.0.1 8.00 70.00 78.00 NOTE
r-patched-linux-x86_64 0.0.1 8.67 70.90 79.57 NOTE
r-release-linux-x86_64 0.0.1 7.33 70.03 77.36 NOTE
r-release-macos-arm64 0.0.1 31.00 NOTE
r-release-macos-x86_64 0.0.1 46.00 NOTE
r-release-windows-x86_64 0.0.1 8.00 69.00 77.00 NOTE
r-oldrel-macos-arm64 0.0.1 35.00 NOTE
r-oldrel-macos-x86_64 0.0.1 55.00 NOTE
r-oldrel-windows-x86_64 0.0.1 10.00 83.00 93.00 NOTE

Check Details

Version: 0.0.1
Check: LazyData
Result: NOTE 'LazyData' is specified without a 'data' directory Flavors: r-devel-linux-x86_64-debian-clang, r-devel-linux-x86_64-debian-gcc, r-devel-linux-x86_64-fedora-clang, r-devel-linux-x86_64-fedora-gcc, r-devel-windows-x86_64, r-patched-linux-x86_64, r-release-linux-x86_64, r-release-macos-arm64, r-release-macos-x86_64, r-release-windows-x86_64, r-oldrel-macos-arm64, r-oldrel-macos-x86_64, r-oldrel-windows-x86_64