CRAN Package Check Results for Package konfound

Last updated on 2023-02-03 03:55:55 CET.

Flavor Version Tinstall Tcheck Ttotal Status Flags
r-devel-linux-x86_64-debian-clang 0.4.0 7.83 86.52 94.35 OK
r-devel-linux-x86_64-debian-gcc 0.4.0 6.86 65.41 72.27 OK
r-devel-linux-x86_64-fedora-clang 0.4.0 121.17 NOTE
r-devel-linux-x86_64-fedora-gcc 0.4.0 129.36 NOTE
r-devel-windows-x86_64 0.4.0 19.00 119.00 138.00 OK
r-patched-linux-x86_64 0.4.0 7.80 85.47 93.27 OK
r-release-linux-x86_64 0.4.0 5.99 86.59 92.58 OK
r-release-macos-arm64 0.4.0 38.00 NOTE
r-release-macos-x86_64 0.4.0 68.00 NOTE
r-release-windows-x86_64 0.4.0 26.00 131.00 157.00 OK
r-oldrel-macos-arm64 0.4.0 46.00 NOTE
r-oldrel-macos-x86_64 0.4.0 49.00 NOTE
r-oldrel-windows-ix86+x86_64 0.4.0 17.00 110.00 127.00 OK

Check Details

Version: 0.4.0
Check: dependencies in R code
Result: NOTE
    Namespaces in Imports field not imported from:
     ‘mice’ ‘tibble’
     All declared Imports should be used.
Flavors: r-devel-linux-x86_64-fedora-clang, r-devel-linux-x86_64-fedora-gcc, r-release-macos-arm64, r-release-macos-x86_64, r-oldrel-macos-arm64, r-oldrel-macos-x86_64