CRAN Package Check Results for Package knn.covertree

Last updated on 2024-06-18 03:57:12 CEST.

Flavor Version Tinstall Tcheck Ttotal Status Flags
r-devel-linux-x86_64-debian-clang 1.0 41.23 63.79 105.02 NOTE
r-devel-linux-x86_64-debian-gcc 1.0 28.80 53.48 82.28 NOTE
r-devel-linux-x86_64-fedora-clang 1.0 156.64 NOTE
r-devel-linux-x86_64-fedora-gcc 1.0 151.71 NOTE
r-devel-windows-x86_64 1.0 35.00 84.00 119.00 NOTE
r-patched-linux-x86_64 1.0 33.06 65.77 98.83 NOTE
r-release-linux-x86_64 1.0 41.18 67.28 108.46 NOTE
r-release-macos-arm64 1.0 39.00 NOTE
r-release-macos-x86_64 1.0 59.00 NOTE
r-release-windows-x86_64 1.0 34.00 92.00 126.00 NOTE
r-oldrel-macos-arm64 1.0 44.00 NOTE
r-oldrel-macos-x86_64 1.0 72.00 NOTE
r-oldrel-windows-x86_64 1.0 42.00 103.00 145.00 NOTE

Check Details

Version: 1.0
Check: C++ specification
Result: NOTE Specified C++11: please drop specification unless essential Flavors: r-devel-linux-x86_64-debian-clang, r-devel-linux-x86_64-debian-gcc, r-devel-linux-x86_64-fedora-clang, r-devel-linux-x86_64-fedora-gcc, r-devel-windows-x86_64, r-patched-linux-x86_64, r-release-linux-x86_64, r-release-macos-arm64, r-release-macos-x86_64, r-release-windows-x86_64, r-oldrel-macos-arm64, r-oldrel-macos-x86_64, r-oldrel-windows-x86_64