CRAN Package Check Results for Package kml3d

Last updated on 2022-01-18 03:52:17 CET.

Flavor Version Tinstall Tcheck Ttotal Status Flags
r-devel-linux-x86_64-debian-clang 2.4.2 8.60 68.92 77.52 NOTE
r-devel-linux-x86_64-debian-gcc 2.4.2 6.23 56.11 62.34 NOTE
r-devel-linux-x86_64-fedora-clang 2.4.2 98.73 NOTE
r-devel-linux-x86_64-fedora-gcc 2.4.2 88.93 NOTE
r-devel-windows-x86_64-new-UL 2.4.2 42.00 98.00 140.00 OK
r-devel-windows-x86_64-new-TK 2.4.2 OK
r-patched-linux-x86_64 2.4.2 14.34 68.16 82.50 NOTE
r-release-linux-x86_64 2.4.2 NOTE
r-release-macos-arm64 2.4.2 OK
r-release-macos-x86_64 2.4.2 OK
r-release-windows-ix86+x86_64 2.4.2 18.00 84.00 102.00 OK
r-oldrel-macos-x86_64 2.4.2 OK
r-oldrel-windows-ix86+x86_64 2.4.2 18.00 80.00 98.00 OK

Check Details

Version: 2.4.2
Check: for non-standard things in the check directory
Result: NOTE
    Found the following files/directories:
     'cld1.Rdata' 'main.tex' 'myCld.Rdata' 'myCld3d.Rdata' 'scene.asy'
Flavors: r-devel-linux-x86_64-debian-clang, r-devel-linux-x86_64-debian-gcc, r-devel-linux-x86_64-fedora-clang, r-devel-linux-x86_64-fedora-gcc, r-patched-linux-x86_64, r-release-linux-x86_64