Last updated on 2023-01-29 03:55:17 CET.
Flavor | Version | Tinstall | Tcheck | Ttotal | Status | Flags |
---|---|---|---|---|---|---|
r-devel-linux-x86_64-debian-clang | 1.1.2 | 19.52 | 49.59 | 69.11 | NOTE | |
r-devel-linux-x86_64-debian-gcc | 1.1.2 | 17.95 | 37.08 | 55.03 | NOTE | |
r-devel-linux-x86_64-fedora-clang | 1.1.2 | 100.51 | NOTE | |||
r-devel-linux-x86_64-fedora-gcc | 1.1.2 | 105.97 | NOTE | |||
r-devel-windows-x86_64 | 1.1.2 | 35.00 | 93.00 | 128.00 | NOTE | |
r-patched-linux-x86_64 | 1.1.2 | 18.21 | 47.51 | 65.72 | NOTE | |
r-release-linux-x86_64 | 1.1.2 | 15.54 | 49.28 | 64.82 | NOTE | |
r-release-macos-arm64 | 1.1.2 | 32.00 | NOTE | |||
r-release-macos-x86_64 | 1.1.2 | 40.00 | NOTE | |||
r-release-windows-x86_64 | 1.1.2 | 24.00 | 106.00 | 130.00 | NOTE | |
r-oldrel-macos-arm64 | 1.1.2 | 36.00 | NOTE | |||
r-oldrel-macos-x86_64 | 1.1.2 | 54.00 | NOTE | |||
r-oldrel-windows-ix86+x86_64 | 1.1.2 | 54.00 | 106.00 | 160.00 | NOTE |
Version: 1.1.2
Check: LazyData
Result: NOTE
'LazyData' is specified without a 'data' directory
Flavors: r-devel-linux-x86_64-debian-clang, r-devel-linux-x86_64-debian-gcc, r-devel-linux-x86_64-fedora-clang, r-devel-linux-x86_64-fedora-gcc, r-devel-windows-x86_64, r-patched-linux-x86_64, r-release-linux-x86_64, r-release-macos-arm64, r-release-macos-x86_64, r-release-windows-x86_64, r-oldrel-macos-arm64, r-oldrel-macos-x86_64, r-oldrel-windows-ix86+x86_64
Version: 1.1.2
Check: C++ specification
Result: NOTE
Specified C++11: please update to current default of C++17
Flavors: r-devel-linux-x86_64-debian-gcc, r-devel-linux-x86_64-fedora-gcc