CRAN Package Check Results for Package kiwisR

Last updated on 2021-10-26 15:51:14 CEST.

Flavor Version Tinstall Tcheck Ttotal Status Flags
r-devel-linux-x86_64-debian-clang 0.2.0 2.40 29.66 32.06 ERROR
r-devel-linux-x86_64-debian-gcc 0.2.0 1.79 22.69 24.48 NOTE
r-devel-linux-x86_64-fedora-clang 0.2.0 46.08 NOTE
r-devel-linux-x86_64-fedora-gcc 0.2.0 35.63 NOTE
r-devel-windows-x86_64 0.2.0 5.00 124.00 129.00 NOTE
r-devel-windows-x86_64-gcc10-UCRT 0.2.0 NOTE
r-patched-linux-x86_64 0.2.0 2.57 28.43 31.00 NOTE
r-patched-solaris-x86 0.2.0 54.80 NOTE
r-release-linux-x86_64 0.2.0 2.12 28.64 30.76 NOTE
r-release-macos-arm64 0.2.0 NOTE
r-release-macos-x86_64 0.2.0 NOTE
r-release-windows-ix86+x86_64 0.2.0 5.00 141.00 146.00 NOTE
r-oldrel-macos-x86_64 0.2.0 OK
r-oldrel-windows-ix86+x86_64 0.2.0 5.00 132.00 137.00 OK

Check Details

Version: 0.2.0
Check: LazyData
Result: NOTE
     'LazyData' is specified without a 'data' directory
Flavors: r-devel-linux-x86_64-debian-clang, r-devel-linux-x86_64-debian-gcc, r-devel-linux-x86_64-fedora-clang, r-devel-linux-x86_64-fedora-gcc, r-devel-windows-x86_64, r-devel-windows-x86_64-gcc10-UCRT, r-patched-linux-x86_64, r-patched-solaris-x86, r-release-linux-x86_64, r-release-macos-arm64, r-release-macos-x86_64, r-release-windows-ix86+x86_64

Version: 0.2.0
Check: tests
Result: ERROR
     Running 'testthat.R' [8s/49s]
    Running the tests in 'tests/testthat.R' failed.
    Complete output:
     > library(testthat)
     > library(kiwisR)
     >
     > test_check("kiwisR")
     == Failed tests ================================================================
     -- Failure (test_ki_station_list.R:71:3): ki_station_list accepts custom return fields (vector or string) --
     `stn_cust_retr` not equal to `stn_cust_retr2`.
     Component "station_id": 98 string mismatches
     Component "station_no": 98 string mismatches
    
     [ FAIL 1 | WARN 0 | SKIP 0 | PASS 54 ]
     Error: Test failures
     Execution halted
Flavor: r-devel-linux-x86_64-debian-clang