CRAN Package Check Results for Package kernelFactory

Last updated on 2024-07-20 15:48:46 CEST.

Flavor Version Tinstall Tcheck Ttotal Status Flags
r-devel-linux-x86_64-debian-clang 0.3.0 4.55 51.20 55.75 NOTE
r-devel-linux-x86_64-debian-gcc 0.3.0 3.79 37.88 41.67 NOTE
r-devel-linux-x86_64-fedora-clang 0.3.0 69.75 NOTE
r-devel-linux-x86_64-fedora-gcc 0.3.0 65.97 NOTE
r-devel-windows-x86_64 0.3.0 5.00 57.00 62.00 NOTE
r-patched-linux-x86_64 0.3.0 5.55 48.05 53.60 NOTE
r-release-linux-x86_64 0.3.0 5.04 47.76 52.80 NOTE
r-release-macos-arm64 0.3.0 23.00 NOTE
r-release-macos-x86_64 0.3.0 36.00 NOTE
r-release-windows-x86_64 0.3.0 5.00 55.00 60.00 NOTE
r-oldrel-macos-arm64 0.3.0 25.00 OK
r-oldrel-macos-x86_64 0.3.0 37.00 OK
r-oldrel-windows-x86_64 0.3.0 4.00 62.00 66.00 OK

Check Details

Version: 0.3.0
Check: Rd files
Result: NOTE checkRd: (-1) kernelFactory.Rd:21: Lost braces; missing escapes or markup? 21 | \item{method}{Can be one of the following: POLynomial kernel function (\code{pol}), LINear kernel function (\code{lin}), Radial Basis kernel Function \code{rbf}), random choice (random={pol, lin, rbf}) (\code{random}), burn- in choice of best function (burn={pol, lin, rbf }) (\code{burn}). Use \code{random} or \code{burn} if you don't know in advance which kernel function is best.} | ^ checkRd: (-1) kernelFactory.Rd:21: Lost braces; missing escapes or markup? 21 | \item{method}{Can be one of the following: POLynomial kernel function (\code{pol}), LINear kernel function (\code{lin}), Radial Basis kernel Function \code{rbf}), random choice (random={pol, lin, rbf}) (\code{random}), burn- in choice of best function (burn={pol, lin, rbf }) (\code{burn}). Use \code{random} or \code{burn} if you don't know in advance which kernel function is best.} | ^ Flavors: r-devel-linux-x86_64-debian-clang, r-devel-linux-x86_64-debian-gcc, r-devel-linux-x86_64-fedora-clang, r-devel-linux-x86_64-fedora-gcc, r-devel-windows-x86_64, r-patched-linux-x86_64, r-release-linux-x86_64, r-release-macos-arm64, r-release-macos-x86_64, r-release-windows-x86_64