CRAN Package Check Results for Package kerastuneR

Last updated on 2022-01-21 16:50:56 CET.

Flavor Version Tinstall Tcheck Ttotal Status Flags
r-devel-linux-x86_64-debian-clang 0.1.0.4 14.30 116.68 130.98 OK
r-devel-linux-x86_64-debian-gcc 0.1.0.4 10.07 88.67 98.74 OK
r-devel-linux-x86_64-fedora-clang 0.1.0.4 162.35 NOTE
r-devel-linux-x86_64-fedora-gcc 0.1.0.4 145.35 NOTE
r-devel-windows-x86_64-new-UL 0.1.0.4 65.00 156.00 221.00 OK
r-devel-windows-x86_64-new-TK 0.1.0.4 NOTE
r-patched-linux-x86_64 0.1.0.4 9.07 114.14 123.21 OK
r-release-linux-x86_64 0.1.0.4 8.67 115.27 123.94 OK
r-release-macos-arm64 0.1.0.4 NOTE
r-release-macos-x86_64 0.1.0.4 NOTE
r-release-windows-ix86+x86_64 0.1.0.4 29.00 134.00 163.00 OK
r-oldrel-macos-x86_64 0.1.0.3 NOTE
r-oldrel-windows-ix86+x86_64 0.1.0.4 30.00 139.00 169.00 OK

Check Details

Version: 0.1.0.4
Check: dependencies in R code
Result: NOTE
    Namespace in Imports field not imported from: ‘keras’
     All declared Imports should be used.
Flavors: r-devel-linux-x86_64-fedora-clang, r-devel-linux-x86_64-fedora-gcc, r-devel-windows-x86_64-new-TK, r-release-macos-arm64, r-release-macos-x86_64

Version: 0.1.0.3
Check: dependencies in R code
Result: NOTE
    Namespace in Imports field not imported from: ‘keras’
     All declared Imports should be used.
Flavor: r-oldrel-macos-x86_64