CRAN Package Check Results for Package kdetrees

Last updated on 2021-10-24 03:51:13 CEST.

Flavor Version Tinstall Tcheck Ttotal Status Flags
r-devel-linux-x86_64-debian-clang 0.1.5 4.96 67.50 72.46 NOTE
r-devel-linux-x86_64-debian-gcc 0.1.5 4.05 51.30 55.35 NOTE
r-devel-linux-x86_64-fedora-clang 0.1.5 98.30 NOTE
r-devel-linux-x86_64-fedora-gcc 0.1.5 87.43 NOTE
r-devel-windows-x86_64 0.1.5 10.00 92.00 102.00 NOTE
r-devel-windows-x86_64-gcc10-UCRT 0.1.5 NOTE
r-patched-linux-x86_64 0.1.5 5.35 63.86 69.21 NOTE
r-patched-solaris-x86 0.1.5 138.20 NOTE
r-release-linux-x86_64 0.1.5 5.44 64.25 69.69 NOTE
r-release-macos-arm64 0.1.5 NOTE
r-release-macos-x86_64 0.1.5 NOTE
r-release-windows-ix86+x86_64 0.1.5 10.00 97.00 107.00 NOTE
r-oldrel-macos-x86_64 0.1.5 NOTE
r-oldrel-windows-ix86+x86_64 0.1.5 15.00 96.00 111.00 NOTE

Check Details

Version: 0.1.5
Check: R code for possible problems
Result: NOTE
    as.matrix.multiPhylo : tip2tip: no visible global function definition
     for 'cophenetic'
    bw.nn : <anonymous>: no visible global function definition for
     'quantile'
    dist.diss: no visible binding for global variable 'median'
    dist.diss: no visible global function definition for 'dist'
    hist.kdetrees: no visible binding for global variable 'density'
    kdetrees : cutoff: no visible global function definition for 'quantile'
    kdetrees.complete: no visible global function definition for 'hist'
    kdetrees.complete: no visible global function definition for
     'write.csv'
    plot.kdetrees: no visible binding for global variable 'density'
    Undefined global functions or variables:
     cophenetic density dist hist median quantile write.csv
    Consider adding
     importFrom("graphics", "hist")
     importFrom("stats", "cophenetic", "density", "dist", "median",
     "quantile")
     importFrom("utils", "write.csv")
    to your NAMESPACE file.
Flavors: r-devel-linux-x86_64-debian-clang, r-devel-linux-x86_64-debian-gcc, r-devel-linux-x86_64-fedora-clang, r-devel-linux-x86_64-fedora-gcc, r-devel-windows-x86_64, r-devel-windows-x86_64-gcc10-UCRT, r-patched-linux-x86_64, r-patched-solaris-x86, r-release-linux-x86_64, r-release-macos-arm64, r-release-macos-x86_64, r-release-windows-ix86+x86_64, r-oldrel-macos-x86_64, r-oldrel-windows-ix86+x86_64