CRAN Package Check Results for Package jsonlite

Last updated on 2021-12-04 15:51:19 CET.

Flavor Version Tinstall Tcheck Ttotal Status Flags
r-devel-linux-x86_64-debian-clang 1.7.2 8.20 56.67 64.87 OK
r-devel-linux-x86_64-debian-gcc 1.7.2 5.10 44.10 49.20 OK
r-devel-linux-x86_64-fedora-clang 1.7.2 82.86 OK
r-devel-linux-x86_64-fedora-gcc 1.7.2 70.89 OK
r-devel-windows-x86_64-new-UL 1.7.2 38.00 103.00 141.00 OK
r-devel-windows-x86_64-new-TK 1.7.2 OK
r-devel-windows-x86_64-old 1.7.2 21.00 57.00 78.00 OK
r-patched-linux-x86_64 1.7.2 7.86 48.94 56.80 OK
r-release-linux-x86_64 1.7.2 5.07 49.54 54.61 OK
r-release-macos-arm64 1.7.2 OK
r-release-macos-x86_64 1.7.2 ERROR
r-release-windows-ix86+x86_64 1.7.2 36.00 99.00 135.00 OK
r-oldrel-macos-x86_64 1.7.2 OK
r-oldrel-windows-ix86+x86_64 1.7.2 58.00 102.00 160.00 OK

Check Details

Version: 1.7.2
Check: running R code from vignettes
Result: ERROR
    Errors in running code in vignettes:
    when running code in ‘json-opencpu.pdf.asis’
     ...
    
     When running vignette ‘json-opencpu.pdf.asis’:
    Error: No such vignette ‘json-opencpu.pdf.asis’
    Execution halted
    
     ‘json-aaquickstart.Rmd’ using ‘UTF-8’... [1s/1s] OK
     ‘json-apis.Rmd’ using ‘UTF-8’... [0s/1s] OK
     ‘json-paging.Rmd’ using ‘UTF-8’... [0s/1s] OK
     ‘json-mapping.pdf.asis’ using ‘UTF-8’... [1s/1s] OK
     ‘json-opencpu.pdf.asis’ using ‘UTF-8’... failed
Flavor: r-release-macos-x86_64

Version: 1.7.2
Check: re-building of vignette outputs
Result: NOTE
    Error(s) in re-building vignettes:
     ...
    Error in loadVignetteBuilder(pkgdir) : vignette builder 'R.rsp' not found
    Calls: <Anonymous> -> loadVignetteBuilder
    Execution halted
    Error in loadVignetteBuilder(pkgdir) : vignette builder 'R.rsp' not found
    Calls: <Anonymous> -> loadVignetteBuilder
    Execution halted
    Error in loadVignetteBuilder(pkgdir) : vignette builder 'R.rsp' not found
    Calls: <Anonymous> -> loadVignetteBuilder
    Execution halted
    SUMMARY: processing the following files failed:
     ‘json-aaquickstart.Rmd’ ‘json-apis.Rmd’ ‘json-paging.Rmd’
    
    Error: Vignette re-building failed.
    Execution halted
Flavor: r-release-macos-x86_64