Last updated on 2023-03-24 16:53:25 CET.
Flavor | Version | Tinstall | Tcheck | Ttotal | Status | Flags |
---|---|---|---|---|---|---|
r-devel-linux-x86_64-debian-clang | 1.4.0 | 39.24 | 251.59 | 290.83 | OK | |
r-devel-linux-x86_64-debian-gcc | 1.4.0 | 32.83 | 185.78 | 218.61 | OK | |
r-devel-linux-x86_64-fedora-clang | 1.4.0 | 379.15 | NOTE | |||
r-devel-linux-x86_64-fedora-gcc | 1.4.0 | 383.41 | OK | |||
r-patched-linux-x86_64 | 1.4.0 | 42.81 | 240.00 | 282.81 | OK | |
r-release-linux-x86_64 | 1.4.0 | 35.78 | 243.85 | 279.63 | OK | |
r-release-macos-arm64 | 1.4.0 | 61.00 | OK | |||
r-release-macos-x86_64 | 1.4.0 | 125.00 | OK | |||
r-release-windows-x86_64 | 1.4.0 | 76.00 | 298.00 | 374.00 | OK | |
r-oldrel-macos-arm64 | 1.4.0 | 67.00 | OK | |||
r-oldrel-macos-x86_64 | 1.4.0 | 121.00 | OK | |||
r-oldrel-windows-ix86+x86_64 | 1.4.0 | 79.00 | 280.00 | 359.00 | NOTE |
Version: 1.4.0
Check: package dependencies
Result: NOTE
Imports includes 30 non-default packages.
Importing from so many packages makes the package vulnerable to any of
them becoming unavailable. Move as many as possible to Suggests and
use conditionally.
Flavor: r-devel-linux-x86_64-fedora-clang
Version: 1.4.0
Check: R code for possible problems
Result: NOTE
Initiating curl with CURL_SSL_BACKEND: openssl
Flavor: r-oldrel-windows-ix86+x86_64