CRAN Package Check Results for Package jsmodule

Last updated on 2021-06-17 04:56:15 CEST.

Flavor Version Tinstall Tcheck Ttotal Status Flags
r-devel-linux-x86_64-debian-clang 1.1.7 34.72 224.04 258.76 NOTE
r-devel-linux-x86_64-debian-gcc 1.1.7 28.86 166.72 195.58 NOTE
r-devel-linux-x86_64-fedora-clang 1.1.7 316.26 NOTE
r-devel-linux-x86_64-fedora-gcc 1.1.7 306.97 NOTE
r-devel-windows-x86_64 1.1.7 51.00 261.00 312.00 NOTE
r-devel-windows-x86_64-gcc10-UCRT 1.1.7 NOTE
r-patched-linux-x86_64 1.1.7 26.69 213.06 239.75 NOTE
r-patched-solaris-x86 1.1.7 415.70 NOTE
r-release-linux-x86_64 1.1.7 33.47 211.85 245.32 NOTE
r-release-macos-arm64 1.1.7 NOTE
r-release-macos-x86_64 1.1.7 NOTE
r-release-windows-ix86+x86_64 1.1.7 68.00 267.00 335.00 NOTE
r-oldrel-macos-x86_64 1.1.7 NOTE
r-oldrel-windows-ix86+x86_64 1.1.7 47.00 272.00 319.00 OK

Check Details

Version: 1.1.7
Check: LazyData
Result: NOTE
     'LazyData' is specified without a 'data' directory
Flavors: r-devel-linux-x86_64-debian-clang, r-devel-linux-x86_64-debian-gcc, r-devel-linux-x86_64-fedora-clang, r-devel-linux-x86_64-fedora-gcc, r-devel-windows-x86_64, r-devel-windows-x86_64-gcc10-UCRT, r-patched-linux-x86_64, r-patched-solaris-x86, r-release-linux-x86_64, r-release-macos-arm64, r-release-macos-x86_64, r-release-windows-ix86+x86_64

Version: 1.1.7
Check: package dependencies
Result: NOTE
    Imports includes 32 non-default packages.
    Importing from so many packages makes the package vulnerable to any of
    them becoming unavailable. Move as many as possible to Suggests and
    use conditionally.
Flavor: r-devel-linux-x86_64-fedora-clang

Version: 1.1.7
Check: dependencies in R code
Result: NOTE
    Namespaces in Imports field not imported from:
     ‘Cairo’ ‘survC1’
     All declared Imports should be used.
Flavors: r-devel-linux-x86_64-fedora-clang, r-devel-linux-x86_64-fedora-gcc, r-devel-windows-x86_64-gcc10-UCRT, r-patched-solaris-x86, r-release-macos-arm64, r-release-macos-x86_64, r-oldrel-macos-x86_64