CRAN Package Check Results for Package jpeg

Last updated on 2021-09-23 03:50:59 CEST.

Flavor Version Tinstall Tcheck Ttotal Status Flags
r-devel-linux-x86_64-debian-clang 0.1-9 2.94 22.28 25.22 OK
r-devel-linux-x86_64-debian-gcc 0.1-9 2.06 17.89 19.95 OK
r-devel-linux-x86_64-fedora-clang 0.1-9 39.74 OK
r-devel-linux-x86_64-fedora-gcc 0.1-9 29.48 OK
r-devel-windows-x86_64 0.1-9 9.00 27.00 36.00 OK
r-devel-windows-x86_64-gcc10-UCRT 0.1-9 ERROR
r-patched-linux-x86_64 0.1-9 2.49 21.67 24.16 OK
r-patched-solaris-x86 0.1-9 47.80 OK
r-release-linux-x86_64 0.1-9 2.53 21.89 24.42 OK
r-release-macos-arm64 0.1-9 OK
r-release-macos-x86_64 0.1-9 OK
r-release-windows-ix86+x86_64 0.1-9 16.00 34.00 50.00 OK
r-oldrel-macos-x86_64 0.1-9 OK
r-oldrel-windows-ix86+x86_64 0.1-9 12.00 35.00 47.00 OK

Additional issues

rchk

Check Details

Version: 0.1-9
Check: whether package can be installed
Result: ERROR
    Installation failed.
Flavor: r-devel-windows-x86_64-gcc10-UCRT