CRAN Package Check Results for Package joinet

Last updated on 2024-06-13 15:48:26 CEST.

Flavor Version Tinstall Tcheck Ttotal Status Flags
r-devel-linux-x86_64-debian-clang 0.0.10 2.69 71.63 74.32 NOTE
r-devel-linux-x86_64-debian-gcc 0.0.10 2.59 46.97 49.56 ERROR
r-devel-linux-x86_64-fedora-clang 0.0.10 93.91 NOTE
r-devel-linux-x86_64-fedora-gcc 0.0.10 102.10 NOTE
r-devel-windows-x86_64 0.0.10 4.00 72.00 76.00 NOTE
r-patched-linux-x86_64 0.0.10 2.93 68.36 71.29 NOTE
r-release-linux-x86_64 0.0.10 2.49 70.16 72.65 NOTE
r-release-macos-arm64 0.0.10 41.00 NOTE
r-release-macos-x86_64 0.0.10 59.00 NOTE
r-release-windows-x86_64 0.0.10 4.00 75.00 79.00 NOTE
r-oldrel-macos-arm64 0.0.10 42.00 NOTE
r-oldrel-macos-x86_64 0.0.10 57.00 NOTE
r-oldrel-windows-x86_64 0.0.10 5.00 83.00 88.00 NOTE

Check Details

Version: 0.0.10
Check: package dependencies
Result: NOTE Package which this enhances but not available for checking: ‘remMap’ Flavors: r-devel-linux-x86_64-debian-clang, r-devel-linux-x86_64-fedora-clang, r-devel-linux-x86_64-fedora-gcc, r-devel-windows-x86_64, r-patched-linux-x86_64, r-release-linux-x86_64, r-release-macos-arm64, r-release-macos-x86_64, r-release-windows-x86_64, r-oldrel-macos-arm64, r-oldrel-windows-x86_64

Version: 0.0.10
Check: package dependencies
Result: NOTE Package suggested but not available for checking: ‘testthat’ Packages which this enhances but not available for checking: 'mice', 'remMap', 'mcen' Flavor: r-devel-linux-x86_64-debian-gcc

Version: 0.0.10
Check: tests
Result: ERROR Running ‘testthat.R’ [0s/1s] Running the tests in ‘tests/testthat.R’ failed. Complete output: > library(testthat) Error in library(testthat) : there is no package called 'testthat' Execution halted Flavor: r-devel-linux-x86_64-debian-gcc

Version: 0.0.10
Check: package dependencies
Result: NOTE Packages which this enhances but not available for checking: 'remMap', 'mcen', 'RMTL' Flavor: r-oldrel-macos-x86_64