CRAN Package Check Results for Package joineRML

Last updated on 2024-07-21 15:53:36 CEST.

Flavor Version Tinstall Tcheck Ttotal Status Flags
r-devel-linux-x86_64-debian-clang 0.4.6 99.47 331.41 430.88 NOTE --no-tests
r-devel-linux-x86_64-debian-gcc 0.4.6 66.11 1198.75 1264.86 NOTE --no-tests
r-devel-linux-x86_64-fedora-clang 0.4.6 1032.84 NOTE
r-devel-linux-x86_64-fedora-gcc 0.4.6 1020.75 NOTE
r-devel-windows-x86_64 0.4.6 80.00 409.00 489.00 NOTE
r-patched-linux-x86_64 0.4.6 102.01 775.47 877.48 NOTE --no-tests
r-release-linux-x86_64 0.4.6 104.20 661.61 765.81 NOTE --no-tests
r-release-macos-arm64 0.4.6 225.00 NOTE
r-release-macos-x86_64 0.4.6 345.00 NOTE
r-release-windows-x86_64 0.4.6 94.00 417.00 511.00 NOTE
r-oldrel-macos-arm64 0.4.6 255.00 NOTE
r-oldrel-macos-x86_64 0.4.6 405.00 NOTE
r-oldrel-windows-x86_64 0.4.6 119.00 521.00 640.00 NOTE

Check Details

Version: 0.4.6
Flags: --no-tests
Check: C++ specification
Result: NOTE Specified C++11: please drop specification unless essential Flavors: r-devel-linux-x86_64-debian-clang, r-devel-linux-x86_64-debian-gcc, r-patched-linux-x86_64, r-release-linux-x86_64

Version: 0.4.6
Flags: --no-tests
Check: Rd cross-references
Result: NOTE Found the following Rd file(s) with Rd \link{} targets missing package anchors: plot.ranef.mjoint.Rd: ranef vcov.mjoint.Rd: getVarCov Please provide package anchors for all Rd \link{} targets not in the package itself and the base packages. Flavor: r-devel-linux-x86_64-debian-gcc

Version: 0.4.6
Check: C++ specification
Result: NOTE Specified C++11: please drop specification unless essential Flavors: r-devel-linux-x86_64-fedora-clang, r-devel-linux-x86_64-fedora-gcc, r-devel-windows-x86_64, r-release-macos-arm64, r-release-macos-x86_64, r-release-windows-x86_64, r-oldrel-macos-arm64, r-oldrel-macos-x86_64, r-oldrel-windows-x86_64

Version: 0.4.6
Check: Rd cross-references
Result: NOTE Found the following Rd file(s) with Rd \link{} targets missing package anchors: plot.ranef.mjoint.Rd: ranef vcov.mjoint.Rd: getVarCov Please provide package anchors for all Rd \link{} targets not in the package itself and the base packages. Flavor: r-devel-windows-x86_64

Version: 0.4.6
Check: installed package size
Result: NOTE installed size is 6.4Mb sub-directories of 1Mb or more: data 1.3Mb libs 3.8Mb Flavors: r-release-macos-arm64, r-release-macos-x86_64, r-oldrel-macos-arm64, r-oldrel-macos-x86_64