Last updated on 2022-06-26 03:50:03 CEST.
Flavor | Version | Tinstall | Tcheck | Ttotal | Status | Flags |
---|---|---|---|---|---|---|
r-devel-linux-x86_64-debian-clang | 0.1.1 | 58.00 | 37.56 | 95.56 | OK | |
r-devel-linux-x86_64-debian-gcc | 0.2.0 | 58.65 | 31.21 | 89.86 | OK | |
r-devel-linux-x86_64-fedora-clang | 0.1.1 | 145.57 | NOTE | |||
r-devel-linux-x86_64-fedora-gcc | 0.2.0 | 156.65 | OK | |||
r-devel-windows-x86_64 | 0.1.1 | 55.00 | 103.00 | 158.00 | OK | |
r-patched-linux-x86_64 | 0.1.1 | 57.92 | 37.06 | 94.98 | OK | |
r-release-linux-x86_64 | 0.1.1 | 48.62 | 36.97 | 85.59 | OK | |
r-release-macos-arm64 | 0.2.0 | 43.00 | NOTE | |||
r-release-macos-x86_64 | 0.1.1 | 62.00 | NOTE | |||
r-release-windows-x86_64 | 0.1.1 | 59.00 | 97.00 | 156.00 | OK | |
r-oldrel-macos-arm64 | 0.2.0 | 40.00 | NOTE | |||
r-oldrel-macos-x86_64 | 0.1.1 | 64.00 | NOTE | |||
r-oldrel-windows-ix86+x86_64 | 0.1.1 | 136.00 | 90.00 | 226.00 | OK |
Version: 0.1.1
Check: installed package size
Result: NOTE
installed size is 5.4Mb
sub-directories of 1Mb or more:
libs 5.2Mb
Flavors: r-devel-linux-x86_64-fedora-clang, r-release-macos-x86_64, r-oldrel-macos-x86_64
Version: 0.2.0
Check: installed package size
Result: NOTE
installed size is 7.0Mb
sub-directories of 1Mb or more:
libs 6.8Mb
Flavors: r-release-macos-arm64, r-oldrel-macos-arm64