CRAN Package Check Results for Package japanmesh

Last updated on 2022-09-29 03:58:05 CEST.

Flavor Version Tinstall Tcheck Ttotal Status Flags
r-devel-linux-x86_64-debian-clang 0.1.1 6.14 46.64 52.78 OK
r-devel-linux-x86_64-debian-gcc 0.1.1 4.66 35.90 40.56 OK
r-devel-linux-x86_64-fedora-clang 0.1.1 77.44 NOTE
r-devel-linux-x86_64-fedora-gcc 0.1.1 72.07 NOTE
r-devel-windows-x86_64 0.1.1 26.00 72.00 98.00 OK
r-patched-linux-x86_64 0.1.1 4.40 44.62 49.02 OK
r-release-linux-x86_64 0.1.1 5.82 43.18 49.00 OK
r-release-macos-arm64 0.1.1 23.00 NOTE
r-release-macos-x86_64 0.1.1 40.00 NOTE
r-release-windows-x86_64 0.1.1 37.00 70.00 107.00 OK
r-oldrel-macos-arm64 0.1.1 126.00 NOTE
r-oldrel-macos-x86_64 0.1.1 32.00 NOTE
r-oldrel-windows-ix86+x86_64 0.1.1 13.00 67.00 80.00 OK

Check Details

Version: 0.1.1
Check: data for non-ASCII characters
Result: NOTE
     Note: found 461377 marked UTF-8 strings
Flavors: r-devel-linux-x86_64-fedora-clang, r-devel-linux-x86_64-fedora-gcc, r-release-macos-arm64, r-release-macos-x86_64, r-oldrel-macos-arm64, r-oldrel-macos-x86_64