CRAN Package Check Results for Package jSDM

Last updated on 2022-10-03 04:59:30 CEST.

Flavor Version Tinstall Tcheck Ttotal Status Flags
r-devel-linux-x86_64-debian-clang 0.2.1 818.38 211.83 1030.21 OK
r-devel-linux-x86_64-debian-gcc 0.2.1 675.93 159.93 835.86 OK
r-devel-linux-x86_64-fedora-clang 0.2.1 1570.49 OK
r-devel-linux-x86_64-fedora-gcc 0.2.1 1388.12 OK
r-devel-windows-x86_64 0.2.1 626.00 337.00 963.00 OK
r-patched-linux-x86_64 0.2.1 718.37 207.41 925.78 OK
r-release-linux-x86_64 0.2.1 721.66 202.80 924.46 OK
r-release-macos-arm64 0.2.1 332.00 NOTE
r-release-macos-x86_64 0.2.1 467.00 NOTE
r-release-windows-x86_64 0.2.1 636.00 351.00 987.00 OK
r-oldrel-macos-arm64 0.2.1 287.00 NOTE
r-oldrel-macos-x86_64 0.2.1 445.00 NOTE
r-oldrel-windows-ix86+x86_64 0.2.1 2050.00 647.00 2697.00 NOTE

Check Details

Version: 0.2.1
Check: installed package size
Result: NOTE
     installed size is 29.6Mb
     sub-directories of 1Mb or more:
     libs 28.1Mb
Flavors: r-release-macos-arm64, r-release-macos-x86_64, r-oldrel-macos-arm64, r-oldrel-macos-x86_64, r-oldrel-windows-ix86+x86_64

Version: 0.2.1
Check: package dependencies
Result: NOTE
    Package suggested but not available for checking: ‘boral’
Flavor: r-release-macos-x86_64