CRAN Package Check Results for Package ivregEX

Last updated on 2022-01-27 15:53:38 CET.

Flavor Version Tinstall Tcheck Ttotal Status Flags
r-devel-linux-x86_64-debian-clang 1.0 7.73 77.81 85.54 OK
r-devel-linux-x86_64-debian-gcc 1.0 7.23 61.15 68.38 OK
r-devel-linux-x86_64-fedora-clang 1.0 105.19 OK
r-devel-linux-x86_64-fedora-gcc 1.0 97.34 OK
r-devel-windows-x86_64-new-UL 1.0 21.00 98.00 119.00 OK
r-devel-windows-x86_64-new-TK 1.0 ERROR
r-patched-linux-x86_64 1.0 10.11 73.42 83.53 OK
r-release-linux-x86_64 1.0 9.66 72.86 82.52 OK
r-release-macos-arm64 1.0 OK
r-release-macos-x86_64 1.0 OK
r-release-windows-ix86+x86_64 1.0 20.00 88.00 108.00 OK
r-oldrel-macos-x86_64 1.0 OK
r-oldrel-windows-ix86+x86_64 1.0 21.00 90.00 111.00 OK

Check Details

Version: 1.0
Check: package dependencies
Result: ERROR
    Package required but not available: 'AER'
    
    See section 'The DESCRIPTION file' in the 'Writing R Extensions'
    manual.
Flavor: r-devel-windows-x86_64-new-TK