CRAN Package Check Results for Package isdals

Last updated on 2022-01-22 03:56:47 CET.

Flavor Version Tinstall Tcheck Ttotal Status Flags
r-devel-linux-x86_64-debian-clang 2.0-4 2.61 58.02 60.63 NOTE
r-devel-linux-x86_64-debian-gcc 2.0-4 1.85 45.46 47.31 NOTE
r-devel-linux-x86_64-fedora-clang 2.0-4 74.67 NOTE
r-devel-linux-x86_64-fedora-gcc 2.0-4 64.81 NOTE
r-devel-windows-x86_64-new-UL 2.0-4 53.00 100.00 153.00 NOTE
r-devel-windows-x86_64-new-TK 2.0-4 NOTE
r-patched-linux-x86_64 2.0-4 3.57 55.59 59.16 NOTE
r-release-linux-x86_64 2.0-4 2.12 55.87 57.99 NOTE
r-release-macos-arm64 2.0-4 NOTE
r-release-macos-x86_64 2.0-4 NOTE
r-release-windows-ix86+x86_64 2.0-4 5.00 83.00 88.00 NOTE
r-oldrel-macos-x86_64 2.0-4 NOTE
r-oldrel-windows-ix86+x86_64 2.0-4 6.00 85.00 91.00 NOTE

Check Details

Version: 2.0-4
Check: DESCRIPTION meta-information
Result: NOTE
    Malformed Description field: should contain one or more complete sentences.
Flavors: r-devel-linux-x86_64-debian-clang, r-devel-linux-x86_64-debian-gcc, r-devel-linux-x86_64-fedora-clang, r-devel-linux-x86_64-fedora-gcc, r-devel-windows-x86_64-new-UL, r-devel-windows-x86_64-new-TK, r-patched-linux-x86_64, r-release-linux-x86_64, r-release-macos-arm64, r-release-macos-x86_64, r-release-windows-ix86+x86_64, r-oldrel-macos-x86_64, r-oldrel-windows-ix86+x86_64

Version: 2.0-4
Check: R code for possible problems
Result: NOTE
    residualplot: no visible global function definition for 'predict'
    residualplot: no visible global function definition for 'rstandard'
    residualplot: no visible global function definition for
     'complete.cases'
    residualplot: no visible global function definition for 'points'
    residualplot: no visible global function definition for 'lines'
    residualplot: no visible global function definition for 'smooth.spline'
    residualplot: no visible global function definition for 'sd'
    residualplot: no visible global function definition for 'rgb'
    residualplot: no visible global function definition for 'polygon'
    Undefined global functions or variables:
     complete.cases lines points polygon predict rgb rstandard sd
     smooth.spline
    Consider adding
     importFrom("grDevices", "rgb")
     importFrom("graphics", "lines", "points", "polygon")
     importFrom("stats", "complete.cases", "predict", "rstandard", "sd",
     "smooth.spline")
    to your NAMESPACE file.
Flavors: r-devel-linux-x86_64-debian-clang, r-devel-linux-x86_64-debian-gcc, r-devel-linux-x86_64-fedora-clang, r-devel-linux-x86_64-fedora-gcc, r-devel-windows-x86_64-new-UL, r-devel-windows-x86_64-new-TK, r-patched-linux-x86_64, r-release-linux-x86_64, r-release-macos-arm64, r-release-macos-x86_64, r-release-windows-ix86+x86_64, r-oldrel-macos-x86_64, r-oldrel-windows-ix86+x86_64