CRAN Package Check Results for Package irtGUI

Last updated on 2022-01-22 15:52:15 CET.

Flavor Version Tinstall Tcheck Ttotal Status Flags
r-devel-linux-x86_64-debian-clang 0.2 9.13 94.37 103.50 NOTE
r-devel-linux-x86_64-debian-gcc 0.2 7.39 74.54 81.93 NOTE
r-devel-linux-x86_64-fedora-clang 0.2 126.35 NOTE
r-devel-linux-x86_64-fedora-gcc 0.2 117.69 NOTE
r-devel-windows-x86_64-new-UL 0.2 18.00 117.00 135.00 NOTE
r-devel-windows-x86_64-new-TK 0.2 NOTE
r-patched-linux-x86_64 0.2 9.64 91.77 101.41 NOTE
r-release-linux-x86_64 0.2 8.92 92.17 101.09 NOTE
r-release-macos-arm64 0.2 NOTE
r-release-macos-x86_64 0.2 NOTE
r-release-windows-ix86+x86_64 0.2 24.00 110.00 134.00 NOTE
r-oldrel-macos-x86_64 0.2 OK
r-oldrel-windows-ix86+x86_64 0.2 26.00 110.00 136.00 OK

Check Details

Version: 0.2
Check: LazyData
Result: NOTE
     'LazyData' is specified without a 'data' directory
Flavors: r-devel-linux-x86_64-debian-clang, r-devel-linux-x86_64-debian-gcc, r-devel-linux-x86_64-fedora-clang, r-devel-linux-x86_64-fedora-gcc, r-devel-windows-x86_64-new-UL, r-devel-windows-x86_64-new-TK, r-patched-linux-x86_64, r-release-linux-x86_64, r-release-macos-arm64, r-release-macos-x86_64, r-release-windows-ix86+x86_64