Last updated on 2022-07-03 03:49:58 CEST.
Flavor | Version | Tinstall | Tcheck | Ttotal | Status | Flags |
---|---|---|---|---|---|---|
r-devel-linux-x86_64-debian-clang | 0.2.5 | 169.71 | 174.76 | 344.47 | WARN | |
r-devel-linux-x86_64-debian-gcc | 0.2.5 | 146.29 | 125.83 | 272.12 | OK | |
r-devel-linux-x86_64-fedora-clang | 0.2.5 | 486.17 | WARN | |||
r-devel-linux-x86_64-fedora-gcc | 0.2.5 | 454.42 | OK | |||
r-devel-windows-x86_64 | 0.2.5 | 195.00 | 233.00 | 428.00 | OK | |
r-patched-linux-x86_64 | 0.2.5 | 157.13 | 161.14 | 318.27 | OK | |
r-release-linux-x86_64 | 0.2.5 | 157.08 | 163.55 | 320.63 | OK | |
r-release-macos-arm64 | 0.2.5 | 101.00 | NOTE | |||
r-release-macos-x86_64 | 0.2.5 | 146.00 | NOTE | |||
r-release-windows-x86_64 | 0.2.5 | 321.00 | 234.00 | 555.00 | OK | |
r-oldrel-macos-arm64 | 0.2.5 | 117.00 | NOTE | |||
r-oldrel-macos-x86_64 | 0.2.5 | 177.00 | NOTE | |||
r-oldrel-windows-ix86+x86_64 | 0.2.5 | 398.00 | 308.00 | 706.00 | OK |
Version: 0.2.5
Check: whether package can be installed
Result: WARN
Found the following significant warnings:
item_analysis.cpp:75:7: warning: use of bitwise '|' with boolean operands [-Wbitwise-instead-of-logical]
Flavors: r-devel-linux-x86_64-debian-clang, r-devel-linux-x86_64-fedora-clang
Version: 0.2.5
Check: installed package size
Result: NOTE
installed size is 7.8Mb
sub-directories of 1Mb or more:
libs 6.4Mb
Flavors: r-devel-linux-x86_64-fedora-clang, r-release-macos-arm64, r-release-macos-x86_64, r-oldrel-macos-arm64, r-oldrel-macos-x86_64