CRAN Package Check Results for Package irlba

Last updated on 2021-12-06 15:52:11 CET.

Flavor Version Tinstall Tcheck Ttotal Status Flags
r-devel-linux-x86_64-debian-clang 2.3.3 10.48 91.57 102.05 OK
r-devel-linux-x86_64-debian-gcc 2.3.4 8.05 72.23 80.28 OK
r-devel-linux-x86_64-fedora-clang 2.3.4 125.18 OK
r-devel-linux-x86_64-fedora-gcc 2.3.4 114.24 OK
r-devel-windows-x86_64-new-UL 2.3.3 19.00 144.00 163.00 OK
r-devel-windows-x86_64-new-TK 2.3.4 OK
r-devel-windows-x86_64-old 2.3.4 14.00 117.00 131.00 OK
r-patched-linux-x86_64 2.3.3 8.30 82.03 90.33 OK
r-release-linux-x86_64 2.3.4 9.71 90.62 100.33 NOTE
r-release-macos-arm64 2.3.3 OK
r-release-macos-x86_64 2.3.4 OK
r-release-windows-ix86+x86_64 2.3.3 21.00 155.00 176.00 OK
r-oldrel-macos-x86_64 2.3.4 OK
r-oldrel-windows-ix86+x86_64 2.3.3 39.00 153.00 192.00 OK

Additional issues

LTO

Check Details

Version: 2.3.4
Check: DESCRIPTION meta-information
Result: NOTE
    Dependence on R version ‘3.6.2’ not with patchlevel 0
Flavor: r-release-linux-x86_64