CRAN Package Check Results for Package ir

Last updated on 2022-10-02 15:54:27 CEST.

Flavor Version Tinstall Tcheck Ttotal Status Flags
r-devel-linux-x86_64-debian-clang 0.2.1 13.27 236.44 249.71 NOTE
r-devel-linux-x86_64-debian-gcc 0.2.1 8.81 177.21 186.02 NOTE
r-devel-linux-x86_64-fedora-clang 0.2.1 337.80 NOTE
r-devel-linux-x86_64-fedora-gcc 0.2.1 325.25 NOTE
r-devel-windows-x86_64 0.2.1 40.00 283.00 323.00 NOTE
r-patched-linux-x86_64 0.2.1 11.09 216.36 227.45 OK
r-release-linux-x86_64 0.2.1 7.71 216.14 223.85 OK
r-release-macos-arm64 0.2.1 93.00 OK
r-release-macos-x86_64 0.2.1 146.00 OK
r-release-windows-x86_64 0.2.1 41.00 290.00 331.00 OK
r-oldrel-macos-arm64 0.2.1 90.00 OK
r-oldrel-macos-x86_64 0.2.1 120.00 OK
r-oldrel-windows-ix86+x86_64 0.2.1 28.00 277.00 305.00 OK

Check Details

Version: 0.2.1
Check: Rd files
Result: NOTE
    checkRd: (-1) ir_to_transmittance.Rd:49: Escaped LaTeX specials: \&
Flavors: r-devel-linux-x86_64-debian-clang, r-devel-linux-x86_64-debian-gcc, r-devel-linux-x86_64-fedora-clang, r-devel-linux-x86_64-fedora-gcc, r-devel-windows-x86_64