CRAN Package Check Results for Package ipumsr

Last updated on 2021-10-22 03:55:26 CEST.

Flavor Version Tinstall Tcheck Ttotal Status Flags
r-devel-linux-x86_64-debian-clang 0.4.5 11.06 134.60 145.66 NOTE
r-devel-linux-x86_64-debian-gcc 0.4.5 9.59 99.73 109.32 NOTE
r-devel-linux-x86_64-fedora-clang 0.4.5 173.88 NOTE
r-devel-linux-x86_64-fedora-gcc 0.4.5 161.52 NOTE
r-devel-windows-x86_64 0.4.5 19.00 192.00 211.00 NOTE
r-devel-windows-x86_64-gcc10-UCRT 0.4.5 NOTE
r-patched-linux-x86_64 0.4.5 12.12 138.61 150.73 NOTE
r-patched-solaris-x86 0.4.5 227.90 NOTE
r-release-linux-x86_64 0.4.5 12.26 137.45 149.71 NOTE
r-release-macos-arm64 0.4.5 NOTE
r-release-macos-x86_64 0.4.5 NOTE
r-release-windows-ix86+x86_64 0.4.5 24.00 202.00 226.00 NOTE
r-oldrel-macos-x86_64 0.4.5 OK
r-oldrel-windows-ix86+x86_64 0.4.5 24.00 218.00 242.00 OK

Check Details

Version: 0.4.5
Check: LazyData
Result: NOTE
     'LazyData' is specified without a 'data' directory
Flavors: r-devel-linux-x86_64-debian-clang, r-devel-linux-x86_64-debian-gcc, r-devel-linux-x86_64-fedora-clang, r-devel-linux-x86_64-fedora-gcc, r-devel-windows-x86_64, r-devel-windows-x86_64-gcc10-UCRT, r-patched-linux-x86_64, r-patched-solaris-x86, r-release-linux-x86_64, r-release-macos-arm64, r-release-macos-x86_64, r-release-windows-ix86+x86_64