CRAN Package Check Results for Package ip2proxy

Last updated on 2022-01-20 15:57:00 CET.

Flavor Version Tinstall Tcheck Ttotal Status Flags
r-devel-linux-x86_64-debian-clang 1.1.0 OK
r-devel-linux-x86_64-debian-gcc 1.1.0 5.48 53.31 58.79 OK
r-devel-linux-x86_64-fedora-clang 1.1.0 91.91 NOTE
r-devel-linux-x86_64-fedora-gcc 1.1.0 80.11 NOTE
r-devel-windows-x86_64-new-UL 1.1.0 22.00 86.00 108.00 OK
r-devel-windows-x86_64-new-TK 1.1.0 NOTE
r-patched-linux-x86_64 1.1.0 6.73 66.23 72.96 OK
r-release-linux-x86_64 1.1.0 7.39 66.88 74.27 OK
r-release-macos-arm64 1.1.0 NOTE
r-release-macos-x86_64 1.1.0 NOTE
r-release-windows-ix86+x86_64 1.1.0 17.00 81.00 98.00 OK
r-oldrel-macos-x86_64 1.1.0 NOTE
r-oldrel-windows-ix86+x86_64 1.1.0 17.00 79.00 96.00 OK

Check Details

Version: 1.1.0
Check: dependencies in R code
Result: NOTE
    Namespace in Imports field not imported from: ‘stringr’
     All declared Imports should be used.
Flavors: r-devel-linux-x86_64-fedora-clang, r-devel-linux-x86_64-fedora-gcc, r-devel-windows-x86_64-new-TK, r-release-macos-arm64, r-release-macos-x86_64, r-oldrel-macos-x86_64